Last updated on 2025-11-12 19:51:48 CET.
| Flavor | Version | Tinstall | Tcheck | Ttotal | Status | Flags |
|---|---|---|---|---|---|---|
| r-devel-linux-x86_64-debian-clang | 1.0.2 | 11.03 | 103.34 | 114.37 | OK | |
| r-devel-linux-x86_64-debian-gcc | 1.0.2 | 6.70 | 70.16 | 76.86 | OK | |
| r-devel-linux-x86_64-fedora-clang | 1.0.2 | 55.00 | 125.37 | 180.37 | NOTE | |
| r-devel-linux-x86_64-fedora-gcc | 1.0.2 | 22.00 | 151.24 | 173.24 | NOTE | |
| r-devel-windows-x86_64 | 1.0.2 | 13.00 | 112.00 | 125.00 | OK | |
| r-patched-linux-x86_64 | 1.0.2 | 9.27 | 94.25 | 103.52 | OK | |
| r-release-linux-x86_64 | 1.0.2 | 8.88 | 92.17 | 101.05 | OK | |
| r-release-macos-arm64 | 1.0.2 | 3.00 | 46.00 | 49.00 | OK | |
| r-release-macos-x86_64 | 1.0.2 | 6.00 | 75.00 | 81.00 | OK | |
| r-release-windows-x86_64 | 1.0.2 | 12.00 | 111.00 | 123.00 | OK | |
| r-oldrel-macos-arm64 | 1.0.2 | 3.00 | 38.00 | 41.00 | OK | |
| r-oldrel-macos-x86_64 | 1.0.2 | 6.00 | 56.00 | 62.00 | OK | |
| r-oldrel-windows-x86_64 | 1.0.2 | 17.00 | 137.00 | 154.00 | OK |
Version: 1.0.2
Check: dependencies in R code
Result: NOTE
Namespace in Imports field not imported from: ‘ggpmisc’
All declared Imports should be used.
Flavors: r-devel-linux-x86_64-fedora-clang, r-devel-linux-x86_64-fedora-gcc
These binaries (installable software) and packages are in development.
They may not be fully stable and should be used with caution. We make no claims about them.