Last updated on 2025-05-01 14:49:09 CEST.
Flavor | Version | Tinstall | Tcheck | Ttotal | Status | Flags |
---|---|---|---|---|---|---|
r-devel-linux-x86_64-debian-clang | 1.0.2 | 8.51 | 82.50 | 91.01 | NOTE | |
r-devel-linux-x86_64-debian-gcc | 1.0.2 | 6.25 | 59.47 | 65.72 | OK | |
r-devel-linux-x86_64-fedora-clang | 1.0.2 | 156.66 | NOTE | |||
r-devel-linux-x86_64-fedora-gcc | 1.0.2 | 159.84 | NOTE | |||
r-devel-windows-x86_64 | 1.0.2 | 11.00 | 100.00 | 111.00 | OK | |
r-patched-linux-x86_64 | 1.0.2 | 7.70 | 78.91 | 86.61 | OK | |
r-release-linux-x86_64 | OK | |||||
r-release-macos-arm64 | 1.0.2 | 49.00 | OK | |||
r-release-macos-x86_64 | 1.0.2 | 81.00 | OK | |||
r-release-windows-x86_64 | 1.0.2 | 11.00 | 101.00 | 112.00 | OK | |
r-oldrel-macos-arm64 | 1.0.2 | 41.00 | OK | |||
r-oldrel-macos-x86_64 | 1.0.2 | 62.00 | OK | |||
r-oldrel-windows-x86_64 | 1.0.2 | 16.00 | 120.00 | 136.00 | OK |
Version: 1.0.2
Check: examples
Result: NOTE
Examples with CPU (user + system) or elapsed time > 5s
user system elapsed
ePerformance 6.26 0.109 7.588
Flavor: r-devel-linux-x86_64-debian-clang
Version: 1.0.2
Check: dependencies in R code
Result: NOTE
Namespace in Imports field not imported from: ‘ggpmisc’
All declared Imports should be used.
Flavors: r-devel-linux-x86_64-fedora-clang, r-devel-linux-x86_64-fedora-gcc
These binaries (installable software) and packages are in development.
They may not be fully stable and should be used with caution. We make no claims about them.