Last updated on 2025-05-01 14:49:09 CEST.
Flavor | Version | Tinstall | Tcheck | Ttotal | Status | Flags |
---|---|---|---|---|---|---|
r-devel-linux-x86_64-debian-clang | 0.3.10 | 9.87 | 77.96 | 87.83 | OK | |
r-devel-linux-x86_64-debian-gcc | 0.3.10 | 6.55 | 55.98 | 62.53 | OK | |
r-devel-linux-x86_64-fedora-clang | 0.3.10 | 130.77 | OK | |||
r-devel-linux-x86_64-fedora-gcc | 0.3.10 | 135.80 | OK | |||
r-devel-windows-x86_64 | 0.3.10 | 12.00 | 91.00 | 103.00 | OK | |
r-patched-linux-x86_64 | 0.3.10 | 10.27 | 73.20 | 83.47 | OK | |
r-release-linux-x86_64 | OK | |||||
r-release-macos-arm64 | 0.3.10 | 44.00 | OK | |||
r-release-macos-x86_64 | 0.3.10 | 80.00 | NOTE | |||
r-release-windows-x86_64 | 0.3.10 | 12.00 | 93.00 | 105.00 | OK | |
r-oldrel-macos-arm64 | 0.3.10 | 45.00 | OK | |||
r-oldrel-macos-x86_64 | 0.3.10 | 66.00 | OK | |||
r-oldrel-windows-x86_64 | 0.3.10 | 13.00 | 105.00 | 118.00 | OK |
Version: 0.3.10
Check: Rd cross-references
Result: NOTE
Packages unavailable to check Rd xrefs: ‘FactoMineR’, ‘GDAtools’
Unknown package ‘quanteda.textmodels’ in Rd xrefs
Flavor: r-release-macos-x86_64
These binaries (installable software) and packages are in development.
They may not be fully stable and should be used with caution. We make no claims about them.