Last updated on 2025-05-01 14:49:09 CEST.
Flavor | Version | Tinstall | Tcheck | Ttotal | Status | Flags |
---|---|---|---|---|---|---|
r-devel-linux-x86_64-debian-clang | 0.3.0 | 8.32 | 70.70 | 79.02 | NOTE | |
r-devel-linux-x86_64-debian-gcc | 0.3.0 | 5.46 | 50.94 | 56.40 | NOTE | |
r-devel-linux-x86_64-fedora-clang | 0.3.0 | 124.92 | OK | |||
r-devel-linux-x86_64-fedora-gcc | 0.3.0 | 117.81 | OK | |||
r-devel-windows-x86_64 | 0.3.0 | 9.00 | 82.00 | 91.00 | NOTE | |
r-patched-linux-x86_64 | 0.3.0 | 7.87 | 66.31 | 74.18 | NOTE | |
r-release-linux-x86_64 | NOTE | |||||
r-release-macos-arm64 | 0.3.0 | 39.00 | OK | |||
r-release-macos-x86_64 | 0.3.0 | 67.00 | OK | |||
r-release-windows-x86_64 | 0.3.0 | 11.00 | 83.00 | 94.00 | NOTE | |
r-oldrel-macos-arm64 | 0.3.0 | 38.00 | OK | |||
r-oldrel-macos-x86_64 | 0.3.0 | 60.00 | OK | |||
r-oldrel-windows-x86_64 | 0.3.0 | 12.00 | 97.00 | 109.00 | OK |
Version: 0.3.0
Check: Rd cross-references
Result: NOTE
Found the following Rd file(s) with Rd \link{} targets missing package
anchors:
graph2office.Rd: emf
table2office.Rd: tidy
table2spreadsheet.Rd: tidy
table2tex.Rd: tidy
Please provide package anchors for all Rd \link{} targets not in the
package itself and the base packages.
Flavors: r-devel-linux-x86_64-debian-clang, r-devel-linux-x86_64-debian-gcc, r-devel-windows-x86_64, r-patched-linux-x86_64, r-release-linux-x86_64, r-release-windows-x86_64
Version: 0.3.0
Check: examples
Result: NOTE
Examples with CPU (user + system) or elapsed time > 5s
user system elapsed
graph2bitmap 4.192 0.107 5.133
Flavor: r-devel-linux-x86_64-debian-clang
These binaries (installable software) and packages are in development.
They may not be fully stable and should be used with caution. We make no claims about them.