Last updated on 2024-07-27 15:50:17 CEST.
Flavor | Version | Tinstall | Tcheck | Ttotal | Status | Flags |
---|---|---|---|---|---|---|
r-devel-linux-x86_64-debian-clang | 0.3.0 | 9.43 | 95.32 | 104.75 | OK | |
r-devel-linux-x86_64-debian-gcc | 0.3.0 | NOTE | ||||
r-devel-linux-x86_64-fedora-clang | 0.3.0 | 134.72 | OK | |||
r-devel-linux-x86_64-fedora-gcc | 0.3.0 | 128.36 | OK | |||
r-devel-windows-x86_64 | 0.3.0 | 11.00 | 84.00 | 95.00 | NOTE | |
r-patched-linux-x86_64 | 0.3.0 | OK | ||||
r-release-linux-x86_64 | 0.3.0 | 6.34 | 92.06 | 98.40 | OK | |
r-release-macos-arm64 | 0.3.0 | 38.00 | OK | |||
r-release-macos-x86_64 | 0.3.0 | 60.00 | OK | |||
r-release-windows-x86_64 | 0.3.0 | 11.00 | 87.00 | 98.00 | OK | |
r-oldrel-macos-arm64 | 0.3.0 | 39.00 | OK | |||
r-oldrel-macos-x86_64 | 0.3.0 | 56.00 | OK | |||
r-oldrel-windows-x86_64 | 0.3.0 | 13.00 | 102.00 | 115.00 | OK |
Version: 0.3.0
Check: Rd cross-references
Result: NOTE
Found the following Rd file(s) with Rd \link{} targets missing package
anchors:
graph2office.Rd: emf
table2office.Rd: tidy
table2spreadsheet.Rd: tidy
table2tex.Rd: tidy
Please provide package anchors for all Rd \link{} targets not in the
package itself and the base packages.
Flavors: r-devel-linux-x86_64-debian-gcc, r-devel-windows-x86_64
These binaries (installable software) and packages are in development.
They may not be fully stable and should be used with caution. We make no claims about them.