CRAN Package Check Results for Package expperm

Last updated on 2025-06-30 23:49:46 CEST.

Flavor Version Tinstall Tcheck Ttotal Status Flags
r-devel-linux-x86_64-debian-clang 1.6 22.29 26.59 48.88 NOTE
r-devel-linux-x86_64-debian-gcc 1.6 14.57 21.47 36.04 NOTE
r-devel-linux-x86_64-fedora-clang 1.6 88.26 OK
r-devel-linux-x86_64-fedora-gcc 1.6 78.47 OK
r-devel-windows-x86_64 1.6 25.00 63.00 88.00 OK
r-patched-linux-x86_64 OK
r-release-linux-x86_64 1.6 20.56 24.72 45.28 OK
r-release-macos-arm64 1.6 28.00 OK
r-release-macos-x86_64 1.6 42.00 OK
r-release-windows-x86_64 1.6 25.00 76.00 101.00 OK
r-oldrel-macos-arm64 1.6 28.00 OK
r-oldrel-macos-x86_64 1.6 36.00 OK
r-oldrel-windows-x86_64 1.6 23.00 76.00 99.00 OK

Check Details

Version: 1.6
Check: CRAN incoming feasibility
Result: NOTE Maintainer: ‘Ben Powell <ben.powell@york.ac.uk>’ No Authors@R field in DESCRIPTION. Please add one, modifying Authors@R: person(given = "Ben", family = "Powell", role = c("aut", "cre"), email = "ben.powell@york.ac.uk") as necessary. Flavors: r-devel-linux-x86_64-debian-clang, r-devel-linux-x86_64-debian-gcc

These binaries (installable software) and packages are in development.
They may not be fully stable and should be used with caution. We make no claims about them.