CRAN Package Check Results for Package expsmooth

Last updated on 2025-11-13 01:50:20 CET.

Flavor Version Tinstall Tcheck Ttotal Status Flags
r-devel-linux-x86_64-debian-clang 2.3 5.83 32.98 38.81 NOTE
r-devel-linux-x86_64-debian-gcc 2.3 4.56 24.28 28.84 NOTE
r-devel-linux-x86_64-fedora-clang 2.3 11.00 45.99 56.99 OK
r-devel-linux-x86_64-fedora-gcc 2.3 11.00 43.73 54.73 OK
r-devel-windows-x86_64 2.3 7.00 55.00 62.00 OK
r-patched-linux-x86_64 2.3 4.69 30.62 35.31 OK
r-release-linux-x86_64 2.3 5.20 30.20 35.40 OK
r-release-macos-arm64 2.3 3.00 19.00 22.00 OK
r-release-macos-x86_64 2.3 5.00 29.00 34.00 OK
r-release-windows-x86_64 2.3 8.00 54.00 62.00 OK
r-oldrel-macos-arm64 2.3 2.00 16.00 18.00 OK
r-oldrel-macos-x86_64 2.3 3.00 25.00 28.00 OK
r-oldrel-windows-x86_64 2.3 9.00 64.00 73.00 OK

Check Details

Version: 2.3
Check: CRAN incoming feasibility
Result: NOTE Maintainer: ‘Rob J Hyndman <Rob.Hyndman@monash.edu>’ No Authors@R field in DESCRIPTION. Please add one, modifying Authors@R: person(given = c("Rob", "J"), family = "Hyndman", role = c("aut", "cre"), email = "Rob.Hyndman@monash.edu") as necessary. Found the following (possibly) invalid file URIs: URI: www.exponentialsmoothing.net From: man/expsmooth-package.Rd URI: www.exponentialsmoothing.net From: man/freight.Rd Flavors: r-devel-linux-x86_64-debian-clang, r-devel-linux-x86_64-debian-gcc

These binaries (installable software) and packages are in development.
They may not be fully stable and should be used with caution. We make no claims about them.