CRAN Package Check Results for Package expstudy

Last updated on 2025-10-25 01:50:58 CEST.

Flavor Version Tinstall Tcheck Ttotal Status Flags
r-devel-linux-x86_64-debian-clang 2.0.0 4.95 60.30 65.25 NOTE
r-devel-linux-x86_64-debian-gcc 2.0.0 4.51 45.04 49.55 NOTE
r-devel-linux-x86_64-fedora-clang 2.0.0 12.00 89.54 101.54 NOTE
r-devel-linux-x86_64-fedora-gcc 2.0.0 13.00 87.07 100.07 NOTE
r-devel-windows-x86_64 2.0.0 7.00 76.00 83.00 NOTE
r-patched-linux-x86_64 2.0.0 5.69 57.52 63.21 NOTE
r-release-linux-x86_64 2.0.0 4.99 57.30 62.29 NOTE
r-release-macos-arm64 2.0.0 3.00 35.00 38.00 NOTE
r-release-macos-x86_64 2.0.0 5.00 61.00 66.00 NOTE
r-release-windows-x86_64 2.0.0 7.00 78.00 85.00 NOTE
r-oldrel-macos-arm64 2.0.0 2.00 30.00 32.00 OK
r-oldrel-macos-x86_64 2.0.0 4.00 48.00 52.00 OK
r-oldrel-windows-x86_64 2.0.0 8.00 101.00 109.00 OK

Check Details

Version: 2.0.0
Check: DESCRIPTION meta-information
Result: NOTE Missing dependency on R >= 4.1.0 because package code uses the pipe |> or function shorthand \(...) syntax added in R 4.1.0. File(s) using such syntax: ‘compute_fct_adjs.R’ ‘compute_fct_adjs.Rd’ ‘guess_measure_sets.R’ ‘mutate_expecvar.R’ ‘mutate_expecvar.Rd’ ‘mutate_metrics.R’ ‘mutate_metrics.Rd’ ‘summarise_measures.R’ ‘summarise_measures.Rd’ ‘validators.R’ Flavors: r-devel-linux-x86_64-debian-clang, r-devel-linux-x86_64-debian-gcc, r-devel-linux-x86_64-fedora-clang, r-devel-linux-x86_64-fedora-gcc, r-devel-windows-x86_64, r-patched-linux-x86_64, r-release-linux-x86_64, r-release-macos-arm64, r-release-macos-x86_64, r-release-windows-x86_64

These binaries (installable software) and packages are in development.
They may not be fully stable and should be used with caution. We make no claims about them.