Last updated on 2025-05-01 14:49:09 CEST.
Flavor | Version | Tinstall | Tcheck | Ttotal | Status | Flags |
---|---|---|---|---|---|---|
r-devel-linux-x86_64-debian-clang | 0.4.1 | 6.64 | 63.45 | 70.09 | NOTE | |
r-devel-linux-x86_64-debian-gcc | 0.4.1 | 4.89 | 42.61 | 47.50 | OK | |
r-devel-linux-x86_64-fedora-clang | 0.4.1 | 98.07 | OK | |||
r-devel-linux-x86_64-fedora-gcc | 0.4.1 | 91.96 | OK | |||
r-devel-windows-x86_64 | 0.4.1 | 9.00 | 78.00 | 87.00 | OK | |
r-patched-linux-x86_64 | 0.4.1 | 6.06 | 56.94 | 63.00 | OK | |
r-release-linux-x86_64 | OK | |||||
r-release-macos-arm64 | 0.4.1 | 32.00 | OK | |||
r-release-macos-x86_64 | 0.4.1 | 54.00 | OK | |||
r-release-windows-x86_64 | 0.4.1 | 10.00 | 80.00 | 90.00 | OK | |
r-oldrel-macos-arm64 | 0.4.1 | 27.00 | OK | |||
r-oldrel-macos-x86_64 | 0.4.1 | 45.00 | OK | |||
r-oldrel-windows-x86_64 | 0.4.1 | 10.00 | 91.00 | 101.00 | OK |
Version: 0.4.1
Check: examples
Result: NOTE
Examples with CPU (user + system) or elapsed time > 5s
user system elapsed
plotExpSummary 5.971 0.096 7.092
Flavor: r-devel-linux-x86_64-debian-clang
Version: 0.4.1
Check: examples
Result: NA
user system elapsed
plotExpSummary 3.989 0.056 5.508
OK
Flavor: r-devel-linux-x86_64-debian-gcc
These binaries (installable software) and packages are in development.
They may not be fully stable and should be used with caution. We make no claims about them.