Last updated on 2024-07-27 15:50:17 CEST.
Flavor | Version | Tinstall | Tcheck | Ttotal | Status | Flags |
---|---|---|---|---|---|---|
r-devel-linux-x86_64-debian-clang | 2.1-4 | 20.80 | 123.14 | 143.94 | OK | |
r-devel-linux-x86_64-debian-gcc | 2.1-4 | NOTE | ||||
r-devel-linux-x86_64-fedora-clang | 2.1-4 | 173.05 | OK | |||
r-devel-linux-x86_64-fedora-gcc | 2.1-4 | 161.37 | OK | |||
r-devel-windows-x86_64 | 2.1-4 | 16.00 | 111.00 | 127.00 | NOTE | |
r-patched-linux-x86_64 | 2.1-4 | OK | ||||
r-release-linux-x86_64 | 2.1-4 | 17.71 | 116.50 | 134.21 | OK | |
r-release-macos-arm64 | 2.1-4 | 45.00 | OK | |||
r-release-macos-x86_64 | 2.1-4 | 69.00 | OK | |||
r-release-windows-x86_64 | 2.1-4 | 15.00 | 111.00 | 126.00 | OK | |
r-oldrel-macos-arm64 | 2.1-4 | 51.00 | OK | |||
r-oldrel-macos-x86_64 | 2.1-4 | 133.00 | OK | |||
r-oldrel-windows-x86_64 | 2.1-4 | 19.00 | 128.00 | 147.00 | OK |
Version: 2.1-4
Check: Rd cross-references
Result: NOTE
Found the following Rd file(s) with Rd \link{} targets missing package
anchors:
ci.fevd.Rd: ci
datagrabber.Rd: datagrabber
decluster.Rd: datagrabber
distill.fevd.Rd: distill
fevd.Rd: ci, distill, datagrabber
findpars.Rd: distill
xbooter.Rd: booter
xtibber.Rd: tibber, booter
Please provide package anchors for all Rd \link{} targets not in the
package itself and the base packages.
Flavors: r-devel-linux-x86_64-debian-gcc, r-devel-windows-x86_64
These binaries (installable software) and packages are in development.
They may not be fully stable and should be used with caution. We make no claims about them.