Last updated on 2025-05-01 15:49:30 CEST.
Flavor | Version | Tinstall | Tcheck | Ttotal | Status | Flags |
---|---|---|---|---|---|---|
r-devel-linux-x86_64-debian-clang | 0.2.4 | 1.80 | 20.55 | 22.35 | NOTE | |
r-devel-linux-x86_64-debian-gcc | 0.2.4 | 1.42 | 16.86 | 18.28 | NOTE | |
r-devel-linux-x86_64-fedora-clang | 0.2.4 | 33.43 | OK | |||
r-devel-linux-x86_64-fedora-gcc | 0.2.4 | 31.12 | OK | |||
r-devel-windows-x86_64 | 0.2.4 | 2.00 | 42.00 | 44.00 | OK | |
r-patched-linux-x86_64 | 0.2.4 | 1.69 | 18.75 | 20.44 | OK | |
r-release-linux-x86_64 | OK | |||||
r-release-macos-arm64 | 0.2.4 | 17.00 | OK | |||
r-release-macos-x86_64 | 0.2.4 | 25.00 | OK | |||
r-release-windows-x86_64 | 0.2.4 | 4.00 | 44.00 | 48.00 | OK | |
r-oldrel-macos-arm64 | 0.2.4 | 15.00 | OK | |||
r-oldrel-macos-x86_64 | 0.2.4 | 28.00 | OK | |||
r-oldrel-windows-x86_64 | 0.2.4 | 3.00 | 43.00 | 46.00 | OK |
Version: 0.2.4
Check: CRAN incoming feasibility
Result: NOTE
Maintainer: ‘Greg McMahan <gmcmacran@gmail.com>’
No Authors@R field in DESCRIPTION.
Please add one, modifying
Authors@R: person(given = "Greg",
family = "McMahan",
role = c("aut", "cre"),
email = "gmcmacran@gmail.com")
as necessary.
Flavors: r-devel-linux-x86_64-debian-clang, r-devel-linux-x86_64-debian-gcc
These binaries (installable software) and packages are in development.
They may not be fully stable and should be used with caution. We make no claims about them.