CRAN Package Check Results for Package extlasso

Last updated on 2025-05-08 04:52:04 CEST.

Flavor Version Tinstall Tcheck Ttotal Status Flags
r-devel-linux-x86_64-debian-clang 0.3 2.92 29.77 32.69 NOTE
r-devel-linux-x86_64-debian-gcc 0.3 1.76 22.43 24.19 NOTE
r-devel-linux-x86_64-fedora-clang 0.3 50.92 OK
r-devel-linux-x86_64-fedora-gcc 0.3 49.40 OK
r-devel-windows-x86_64 0.3 4.00 50.00 54.00 OK
r-patched-linux-x86_64 0.3 2.29 28.12 30.41 OK
r-release-linux-x86_64 0.3 2.78 28.43 31.21 OK
r-release-macos-arm64 0.3 20.00 OK
r-release-macos-x86_64 0.3 31.00 OK
r-release-windows-x86_64 0.3 4.00 54.00 58.00 OK
r-oldrel-macos-arm64 0.3 17.00 OK
r-oldrel-macos-x86_64 0.3 28.00 OK
r-oldrel-windows-x86_64 0.3 4.00 50.00 54.00 OK

Check Details

Version: 0.3
Check: CRAN incoming feasibility
Result: NOTE Maintainer: ‘B N Mandal <mandal.stat@gmail.com>’ No Authors@R field in DESCRIPTION. Please add one, modifying Authors@R: c(person(given = c("B", "N"), family = "Mandal", role = c("aut", "cre"), email = "mandal.stat@gmail.com"), person(given = "Jun", family = "Ma", role = "aut", email = "jun.ma@mq.edu.au")) as necessary. Flavors: r-devel-linux-x86_64-debian-clang, r-devel-linux-x86_64-debian-gcc

These binaries (installable software) and packages are in development.
They may not be fully stable and should be used with caution. We make no claims about them.