CRAN Package Check Results for Package extraDistr

Last updated on 2025-07-26 03:49:49 CEST.

Flavor Version Tinstall Tcheck Ttotal Status Flags
r-devel-linux-x86_64-debian-clang 1.10.0 231.83 77.63 309.46 NOTE
r-devel-linux-x86_64-debian-gcc 1.10.0 187.77 52.93 240.70 NOTE
r-devel-linux-x86_64-fedora-clang 1.10.0 632.84 OK
r-devel-linux-x86_64-fedora-gcc 1.10.0 640.02 OK
r-devel-windows-x86_64 1.10.0 282.00 146.00 428.00 OK
r-patched-linux-x86_64 1.10.0 243.22 74.59 317.81 OK
r-release-linux-x86_64 1.10.0 243.82 74.47 318.29 OK
r-release-macos-arm64 1.10.0 127.00 OK
r-release-macos-x86_64 1.10.0 147.00 OK
r-release-windows-x86_64 1.10.0 275.00 144.00 419.00 OK
r-oldrel-macos-arm64 1.10.0 130.00 NOTE
r-oldrel-macos-x86_64 1.10.0 133.00 NOTE
r-oldrel-windows-x86_64 1.10.0 284.00 161.00 445.00 OK

Check Details

Version: 1.10.0
Check: CRAN incoming feasibility
Result: NOTE Maintainer: ‘Tymoteusz Wolodzko <twolodzko+extraDistr@gmail.com>’ No Authors@R field in DESCRIPTION. Please add one, modifying Authors@R: person(given = "Tymoteusz", family = "Wolodzko", role = c("aut", "cre"), email = "twolodzko+extradistr@gmail.com") as necessary. Flavors: r-devel-linux-x86_64-debian-clang, r-devel-linux-x86_64-debian-gcc

Version: 1.10.0
Check: installed package size
Result: NOTE installed size is 13.6Mb sub-directories of 1Mb or more: libs 13.0Mb Flavors: r-oldrel-macos-arm64, r-oldrel-macos-x86_64

These binaries (installable software) and packages are in development.
They may not be fully stable and should be used with caution. We make no claims about them.