Last updated on 2025-02-23 07:51:52 CET.
Flavor | Version | Tinstall | Tcheck | Ttotal | Status | Flags |
---|---|---|---|---|---|---|
r-devel-linux-x86_64-debian-clang | 1.10.0 | 233.59 | 75.81 | 309.40 | OK | |
r-devel-linux-x86_64-debian-gcc | 1.10.0 | 187.53 | 52.71 | 240.24 | OK | |
r-devel-linux-x86_64-fedora-clang | 1.10.0 | 641.98 | OK | |||
r-devel-linux-x86_64-fedora-gcc | 1.10.0 | 642.83 | OK | |||
r-devel-macos-arm64 | 1.10.0 | 126.00 | OK | |||
r-devel-macos-x86_64 | 1.10.0 | 147.00 | OK | |||
r-devel-windows-x86_64 | 1.10.0 | 256.00 | 128.00 | 384.00 | OK | |
r-patched-linux-x86_64 | 1.10.0 | 247.45 | 73.06 | 320.51 | OK | |
r-release-linux-x86_64 | 1.10.0 | 245.44 | 72.43 | 317.87 | OK | |
r-release-macos-arm64 | 1.10.0 | 130.00 | NOTE | |||
r-release-macos-x86_64 | 1.10.0 | 133.00 | NOTE | |||
r-release-windows-x86_64 | 1.10.0 | 255.00 | 127.00 | 382.00 | OK | |
r-oldrel-macos-arm64 | 1.10.0 | 171.00 | NOTE | |||
r-oldrel-macos-x86_64 | 1.10.0 | 193.00 | NOTE | |||
r-oldrel-windows-x86_64 | 1.10.0 | 271.00 | 159.00 | 430.00 | OK |
Version: 1.10.0
Check: installed package size
Result: NOTE
installed size is 13.6Mb
sub-directories of 1Mb or more:
libs 13.0Mb
Flavors: r-release-macos-arm64, r-release-macos-x86_64, r-oldrel-macos-arm64, r-oldrel-macos-x86_64
These binaries (installable software) and packages are in development.
They may not be fully stable and should be used with caution. We make no claims about them.