Last updated on 2025-02-16 10:50:45 CET.
Flavor | Version | Tinstall | Tcheck | Ttotal | Status | Flags |
---|---|---|---|---|---|---|
r-devel-linux-x86_64-debian-clang | 1.0 | 1.45 | 14.43 | 15.88 | NOTE | |
r-devel-linux-x86_64-debian-gcc | 1.0 | 1.24 | 12.29 | 13.53 | NOTE | |
r-devel-linux-x86_64-fedora-clang | 1.0 | 26.43 | NOTE | |||
r-devel-linux-x86_64-fedora-gcc | 1.0 | 23.92 | NOTE | |||
r-devel-macos-arm64 | 1.0 | 13.00 | NOTE | |||
r-devel-macos-x86_64 | 1.0 | 29.00 | NOTE | |||
r-devel-windows-x86_64 | 1.0 | 2.00 | 33.00 | 35.00 | NOTE | |
r-patched-linux-x86_64 | 1.0 | 1.27 | 13.76 | 15.03 | NOTE | |
r-release-linux-x86_64 | 1.0 | 1.30 | 13.91 | 15.21 | NOTE | |
r-release-macos-arm64 | 1.0 | 18.00 | NOTE | |||
r-release-macos-x86_64 | 1.0 | 18.00 | NOTE | |||
r-release-windows-x86_64 | 1.0 | 3.00 | 32.00 | 35.00 | NOTE | |
r-oldrel-macos-arm64 | 1.0 | 15.00 | NOTE | |||
r-oldrel-macos-x86_64 | 1.0 | 18.00 | NOTE | |||
r-oldrel-windows-x86_64 | 1.0 | 3.00 | 32.00 | 35.00 | NOTE |
Version: 1.0
Check: DESCRIPTION meta-information
Result: NOTE
Malformed Description field: should contain one or more complete sentences.
Flavors: r-devel-linux-x86_64-debian-clang, r-devel-linux-x86_64-debian-gcc, r-devel-linux-x86_64-fedora-clang, r-devel-linux-x86_64-fedora-gcc, r-devel-macos-arm64, r-devel-macos-x86_64, r-devel-windows-x86_64, r-patched-linux-x86_64, r-release-linux-x86_64, r-release-macos-arm64, r-release-macos-x86_64, r-release-windows-x86_64, r-oldrel-macos-arm64, r-oldrel-macos-x86_64, r-oldrel-windows-x86_64
These binaries (installable software) and packages are in development.
They may not be fully stable and should be used with caution. We make no claims about them.