CRAN Package Check Results for Package extrafontdb

Last updated on 2025-10-03 15:49:49 CEST.

Flavor Version Tinstall Tcheck Ttotal Status Flags
r-devel-linux-x86_64-debian-clang 1.1 1.24 18.38 19.62 OK
r-devel-linux-x86_64-debian-gcc 1.1 1.21 15.46 16.67 OK
r-devel-linux-x86_64-fedora-clang 1.1 29.29 OK
r-devel-linux-x86_64-fedora-gcc 1.1 27.85 OK
r-devel-windows-x86_64 1.1 5.00 39.00 44.00 OK
r-patched-linux-x86_64 1.1 1.30 17.19 18.49 OK
r-release-linux-x86_64 1.0 1.44 15.18 16.62 NOTE
r-release-macos-arm64 1.1 14.00 OK
r-release-macos-x86_64 1.1 46.00 OK
r-release-windows-x86_64 1.1 3.00 41.00 44.00 OK
r-oldrel-macos-arm64 1.0 18.00 NOTE
r-oldrel-macos-x86_64 1.1 49.00 OK
r-oldrel-windows-x86_64 1.1 3.00 42.00 45.00 OK

Check Details

Version: 1.0
Check: DESCRIPTION meta-information
Result: NOTE Malformed Description field: should contain one or more complete sentences. Flavors: r-release-linux-x86_64, r-oldrel-macos-arm64

These binaries (installable software) and packages are in development.
They may not be fully stable and should be used with caution. We make no claims about them.