Last updated on 2025-02-16 10:50:45 CET.
Flavor | Version | Tinstall | Tcheck | Ttotal | Status | Flags |
---|---|---|---|---|---|---|
r-devel-linux-x86_64-debian-clang | 0.8.0 | 5.37 | 92.96 | 98.33 | OK | |
r-devel-linux-x86_64-debian-gcc | 0.8.0 | 3.39 | 63.06 | 66.45 | OK | |
r-devel-linux-x86_64-fedora-clang | 0.8.0 | 165.66 | OK | |||
r-devel-linux-x86_64-fedora-gcc | 0.8.0 | 160.01 | OK | |||
r-devel-macos-arm64 | 0.8.0 | 52.00 | OK | |||
r-devel-macos-x86_64 | 0.8.0 | 104.00 | OK | |||
r-devel-windows-x86_64 | 0.8.0 | 7.00 | 145.00 | 152.00 | OK | |
r-patched-linux-x86_64 | 0.8.0 | 7.87 | 87.15 | 95.02 | OK | |
r-release-linux-x86_64 | 0.8.0 | 4.34 | 87.66 | 92.00 | OK | |
r-release-macos-arm64 | 0.8.0 | 42.00 | OK | |||
r-release-macos-x86_64 | 0.8.0 | 159.00 | OK | |||
r-release-windows-x86_64 | 0.8.0 | 8.00 | 142.00 | 150.00 | OK | |
r-oldrel-macos-arm64 | 0.8.0 | 41.00 | NOTE | |||
r-oldrel-macos-x86_64 | 0.8.0 | 131.00 | OK | |||
r-oldrel-windows-x86_64 | 0.8.0 | 10.00 | 156.00 | 166.00 | OK |
Version: 0.8.0
Check: R code for possible problems
Result: NOTE
Fatal error: cannot create 'R_TempDir'
Flavor: r-oldrel-macos-arm64
These binaries (installable software) and packages are in development.
They may not be fully stable and should be used with caution. We make no claims about them.