Last updated on 2025-05-01 15:49:30 CEST.
Flavor | Version | Tinstall | Tcheck | Ttotal | Status | Flags |
---|---|---|---|---|---|---|
r-devel-linux-x86_64-debian-clang | 0.0.3 | 2.90 | 24.32 | 27.22 | NOTE | |
r-devel-linux-x86_64-debian-gcc | 0.0.3 | 2.35 | 19.53 | 21.88 | NOTE | |
r-devel-linux-x86_64-fedora-clang | 0.0.3 | 42.26 | OK | |||
r-devel-linux-x86_64-fedora-gcc | 0.0.3 | 41.28 | OK | |||
r-devel-windows-x86_64 | 0.0.3 | 8.00 | 48.00 | 56.00 | OK | |
r-patched-linux-x86_64 | 0.0.3 | 3.18 | 23.72 | 26.90 | OK | |
r-release-linux-x86_64 | OK | |||||
r-release-macos-arm64 | 0.0.3 | 18.00 | OK | |||
r-release-macos-x86_64 | 0.0.3 | 29.00 | OK | |||
r-release-windows-x86_64 | 0.0.3 | 8.00 | 51.00 | 59.00 | OK | |
r-oldrel-macos-arm64 | 0.0.3 | 18.00 | OK | |||
r-oldrel-macos-x86_64 | 0.0.3 | 25.00 | OK | |||
r-oldrel-windows-x86_64 | 0.0.3 | 9.00 | 53.00 | 62.00 | OK |
Version: 0.0.3
Check: CRAN incoming feasibility
Result: NOTE
Maintainer: ‘Maxime Taillardat <maxime.taillardat@meteo.fr>’
The Description field contains
index in Taillardat et al. (2019) <arXiv:1905.04022>.
Please refer to arXiv e-prints via their arXiv DOI <doi:10.48550/arXiv.YYMM.NNNNN>.
Flavors: r-devel-linux-x86_64-debian-clang, r-devel-linux-x86_64-debian-gcc
These binaries (installable software) and packages are in development.
They may not be fully stable and should be used with caution. We make no claims about them.