Last updated on 2025-11-13 17:50:33 CET.
| Flavor | Version | Tinstall | Tcheck | Ttotal | Status | Flags |
|---|---|---|---|---|---|---|
| r-devel-linux-x86_64-debian-clang | 0.0.3 | 3.34 | 26.34 | 29.68 | NOTE | |
| r-devel-linux-x86_64-debian-gcc | 0.0.3 | 2.17 | 21.10 | 23.27 | NOTE | |
| r-devel-linux-x86_64-fedora-clang | 0.0.3 | 43.14 | OK | |||
| r-devel-linux-x86_64-fedora-gcc | 0.0.3 | 41.00 | OK | |||
| r-devel-windows-x86_64 | 0.0.3 | 7.00 | 46.00 | 53.00 | OK | |
| r-patched-linux-x86_64 | 0.0.3 | 3.38 | 24.84 | 28.22 | OK | |
| r-release-linux-x86_64 | 0.0.3 | 3.29 | 24.51 | 27.80 | OK | |
| r-release-macos-arm64 | 0.0.3 | 2.00 | 16.00 | 18.00 | OK | |
| r-release-macos-x86_64 | 0.0.3 | 3.00 | 26.00 | 29.00 | OK | |
| r-release-windows-x86_64 | 0.0.3 | 7.00 | 48.00 | 55.00 | OK | |
| r-oldrel-macos-arm64 | 0.0.3 | 2.00 | 16.00 | 18.00 | OK | |
| r-oldrel-macos-x86_64 | 0.0.3 | 3.00 | 22.00 | 25.00 | OK | |
| r-oldrel-windows-x86_64 | 0.0.3 | 9.00 | 53.00 | 62.00 | OK |
Version: 0.0.3
Check: CRAN incoming feasibility
Result: NOTE
Maintainer: ‘Maxime Taillardat <maxime.taillardat@meteo.fr>’
The Description field contains
index in Taillardat et al. (2019) <arXiv:1905.04022>.
Please refer to arXiv e-prints via their arXiv DOI <doi:10.48550/arXiv.YYMM.NNNNN>.
Flavors: r-devel-linux-x86_64-debian-clang, r-devel-linux-x86_64-debian-gcc
These binaries (installable software) and packages are in development.
They may not be fully stable and should be used with caution. We make no claims about them.