CRAN Package Check Results for Package extremis

Last updated on 2025-10-03 13:49:33 CEST.

Flavor Version Tinstall Tcheck Ttotal Status Flags
r-devel-linux-x86_64-debian-clang 1.2.1 8.88 67.49 76.37 OK
r-devel-linux-x86_64-debian-gcc 1.2.1 7.16 51.10 58.26 OK
r-devel-linux-x86_64-fedora-clang 1.2.1 122.85 NOTE
r-devel-linux-x86_64-fedora-gcc 1.2.1 110.92 NOTE
r-devel-windows-x86_64 1.2.1 13.00 80.00 93.00 OK
r-patched-linux-x86_64 1.2.1 8.60 65.75 74.35 OK
r-release-linux-x86_64 1.2.1 8.65 65.99 74.64 OK
r-release-macos-arm64 1.2.1 52.00 OK
r-release-macos-x86_64 1.2.1 92.00 OK
r-release-windows-x86_64 1.2.1 11.00 80.00 91.00 OK
r-oldrel-macos-arm64 1.2.1 35.00 OK
r-oldrel-macos-x86_64 1.2.1 56.00 OK
r-oldrel-windows-x86_64 1.2.1 16.00 96.00 112.00 OK

Check Details

Version: 1.2.1
Check: compiled code
Result: NOTE File ‘extremis/libs/extremis.so’: Found no calls to: ‘R_registerRoutines’, ‘R_useDynamicSymbols’ It is good practice to register native routines and to disable symbol search. See ‘Writing portable packages’ in the ‘Writing R Extensions’ manual. Flavors: r-devel-linux-x86_64-fedora-clang, r-devel-linux-x86_64-fedora-gcc

These binaries (installable software) and packages are in development.
They may not be fully stable and should be used with caution. We make no claims about them.