Last updated on 2025-05-23 01:50:55 CEST.
Flavor | Version | Tinstall | Tcheck | Ttotal | Status | Flags |
---|---|---|---|---|---|---|
r-devel-linux-x86_64-debian-clang | 1.2.1 | 9.01 | 66.68 | 75.69 | OK | |
r-devel-linux-x86_64-debian-gcc | 1.2.1 | 7.23 | 52.05 | 59.28 | OK | |
r-devel-linux-x86_64-fedora-clang | 1.2.1 | 119.16 | NOTE | |||
r-devel-linux-x86_64-fedora-gcc | 1.2.1 | 113.78 | NOTE | |||
r-devel-windows-x86_64 | 1.2.1 | 13.00 | 80.00 | 93.00 | OK | |
r-patched-linux-x86_64 | 1.2.1 | 8.08 | 63.54 | 71.62 | OK | |
r-release-linux-x86_64 | 1.2.1 | 9.15 | 64.24 | 73.39 | OK | |
r-release-macos-arm64 | 1.2.1 | 52.00 | OK | |||
r-release-macos-x86_64 | 1.2.1 | 92.00 | OK | |||
r-release-windows-x86_64 | 1.2.1 | 13.00 | 82.00 | 95.00 | OK | |
r-oldrel-macos-arm64 | 1.2.1 | 35.00 | OK | |||
r-oldrel-macos-x86_64 | 1.2.1 | 56.00 | OK | |||
r-oldrel-windows-x86_64 | 1.2.1 | 14.00 | 99.00 | 113.00 | OK |
Version: 1.2.1
Check: compiled code
Result: NOTE
File ‘extremis/libs/extremis.so’:
Found no calls to: ‘R_registerRoutines’, ‘R_useDynamicSymbols’
It is good practice to register native routines and to disable symbol
search.
See ‘Writing portable packages’ in the ‘Writing R Extensions’ manual.
Flavors: r-devel-linux-x86_64-fedora-clang, r-devel-linux-x86_64-fedora-gcc
These binaries (installable software) and packages are in development.
They may not be fully stable and should be used with caution. We make no claims about them.