Last updated on 2025-10-25 09:49:29 CEST.
| Flavor | Version | Tinstall | Tcheck | Ttotal | Status | Flags |
|---|---|---|---|---|---|---|
| r-devel-linux-x86_64-debian-clang | 1.0.2 | 2.41 | 23.28 | 25.69 | NOTE | |
| r-devel-linux-x86_64-debian-gcc | 1.0.2 | 1.78 | 18.48 | 20.26 | NOTE | |
| r-devel-linux-x86_64-fedora-clang | 1.0.2 | 41.26 | OK | |||
| r-devel-linux-x86_64-fedora-gcc | 1.0.2 | 36.83 | OK | |||
| r-devel-windows-x86_64 | 1.0.2 | 3.00 | 42.00 | 45.00 | OK | |
| r-patched-linux-x86_64 | 1.0.2 | 2.79 | 22.09 | 24.88 | OK | |
| r-release-linux-x86_64 | 1.0.2 | 2.55 | 22.20 | 24.75 | OK | |
| r-release-macos-arm64 | 1.0.2 | 1.00 | 15.00 | 16.00 | OK | |
| r-release-macos-x86_64 | 1.0.2 | 2.00 | 24.00 | 26.00 | OK | |
| r-release-windows-x86_64 | 1.0.2 | 4.00 | 45.00 | 49.00 | OK | |
| r-oldrel-macos-arm64 | 1.0.2 | 1.00 | 14.00 | 15.00 | OK | |
| r-oldrel-macos-x86_64 | 1.0.2 | 2.00 | 20.00 | 22.00 | OK | |
| r-oldrel-windows-x86_64 | 1.0.2 | 5.00 | 49.00 | 54.00 | OK |
Version: 1.0.2
Check: CRAN incoming feasibility
Result: NOTE
Maintainer: ‘Nadezda Frolova <nfrolova@ualberta.ca>’
No Authors@R field in DESCRIPTION.
Please add one, modifying
Authors@R: c(person(given = "Nadezda",
family = "Frolova",
role = c("aut", "cre"),
email = "nfrolova@ualberta.ca"),
person(given = "Ivor",
family = "Cribben",
role = "aut"))
as necessary.
Flavors: r-devel-linux-x86_64-debian-clang, r-devel-linux-x86_64-debian-gcc
These binaries (installable software) and packages are in development.
They may not be fully stable and should be used with caution. We make no claims about them.