CRAN Package Check Results for Package eyeRead

Last updated on 2025-11-13 21:49:56 CET.

Flavor Version Tinstall Tcheck Ttotal Status Flags
r-devel-linux-x86_64-debian-clang 0.0.4 4.53 47.07 51.60 NOTE
r-devel-linux-x86_64-debian-gcc 0.0.4 3.62 33.03 36.65 NOTE
r-devel-linux-x86_64-fedora-clang 0.0.4 13.00 63.55 76.55 NOTE
r-devel-linux-x86_64-fedora-gcc 0.0.4 11.00 60.12 71.12 NOTE
r-devel-windows-x86_64 0.0.4 6.00 64.00 70.00 NOTE
r-patched-linux-x86_64 0.0.4 4.66 43.02 47.68 NOTE
r-release-linux-x86_64 0.0.4 4.71 42.19 46.90 NOTE
r-release-macos-arm64 0.0.4 2.00 22.00 24.00 NOTE
r-release-macos-x86_64 0.0.4 4.00 40.00 44.00 NOTE
r-release-windows-x86_64 0.0.4 6.00 64.00 70.00 NOTE
r-oldrel-macos-arm64 0.0.4 2.00 25.00 27.00 NOTE
r-oldrel-macos-x86_64 0.0.4 5.00 40.00 45.00 NOTE
r-oldrel-windows-x86_64 0.0.4 8.00 78.00 86.00 NOTE

Check Details

Version: 0.0.4
Check: Rd files
Result: NOTE checkRd: (-1) codePasses.Rd:64: Escaped LaTeX specials: \# Flavors: r-devel-linux-x86_64-debian-clang, r-devel-linux-x86_64-debian-gcc, r-devel-linux-x86_64-fedora-clang, r-devel-linux-x86_64-fedora-gcc, r-devel-windows-x86_64, r-patched-linux-x86_64, r-release-linux-x86_64, r-release-macos-arm64, r-release-macos-x86_64, r-release-windows-x86_64, r-oldrel-macos-arm64, r-oldrel-macos-x86_64, r-oldrel-windows-x86_64

These binaries (installable software) and packages are in development.
They may not be fully stable and should be used with caution. We make no claims about them.