Last updated on 2025-05-01 12:49:27 CEST.
Flavor | Version | Tinstall | Tcheck | Ttotal | Status | Flags |
---|---|---|---|---|---|---|
r-devel-linux-x86_64-debian-clang | 0.8.1 | 11.23 | 184.77 | 196.00 | NOTE | |
r-devel-linux-x86_64-debian-gcc | 0.8.1 | 7.75 | 120.34 | 128.09 | OK | |
r-devel-linux-x86_64-fedora-clang | 0.8.1 | 295.24 | OK | |||
r-devel-linux-x86_64-fedora-gcc | 0.8.1 | 303.93 | OK | |||
r-devel-windows-x86_64 | 0.8.1 | 14.00 | 357.00 | 371.00 | OK | |
r-patched-linux-x86_64 | 0.8.1 | 9.54 | 173.60 | 183.14 | OK | |
r-release-linux-x86_64 | OK | |||||
r-release-macos-arm64 | 0.8.1 | 82.00 | OK | |||
r-release-macos-x86_64 | 0.8.1 | 178.00 | OK | |||
r-release-windows-x86_64 | 0.8.1 | 13.00 | 343.00 | 356.00 | OK | |
r-oldrel-macos-arm64 | 0.8.1 | 87.00 | OK | |||
r-oldrel-macos-x86_64 | 0.8.1 | 162.00 | OK | |||
r-oldrel-windows-x86_64 | 0.8.1 | 16.00 | 410.00 | 426.00 | OK |
Version: 0.8.1
Check: examples
Result: NOTE
Examples with CPU (user + system) or elapsed time > 5s
user system elapsed
plot_seq 5.465 0.084 7.618
saccade_VTI 4.054 1.019 6.035
Flavor: r-devel-linux-x86_64-debian-clang
These binaries (installable software) and packages are in development.
They may not be fully stable and should be used with caution. We make no claims about them.