CRAN Package Check Results for Package eyetrackingR

Last updated on 2025-07-26 07:50:21 CEST.

Flavor Version Tinstall Tcheck Ttotal Status Flags
r-devel-linux-x86_64-debian-clang 0.2.2 9.42 386.34 395.76 OK
r-devel-linux-x86_64-debian-gcc 0.2.2 5.35 266.35 271.70 OK
r-devel-linux-x86_64-fedora-clang 0.2.2 612.59 NOTE
r-devel-linux-x86_64-fedora-gcc 0.2.2 638.95 NOTE
r-devel-windows-x86_64 0.2.2 10.00 327.00 337.00 OK
r-patched-linux-x86_64 0.2.2 8.28 369.07 377.35 OK
r-release-linux-x86_64 0.2.2 8.28 368.62 376.90 OK
r-release-macos-arm64 0.2.2 177.00 OK
r-release-macos-x86_64 0.2.2 341.00 OK
r-release-windows-x86_64 0.2.2 12.00 323.00 335.00 OK
r-oldrel-macos-arm64 0.2.2 174.00 OK
r-oldrel-macos-x86_64 0.2.2 348.00 OK
r-oldrel-windows-x86_64 0.2.2 14.00 451.00 465.00 NOTE

Check Details

Version: 0.2.2
Check: dependencies in R code
Result: NOTE Namespace in Imports field not imported from: ‘rlang’ All declared Imports should be used. Flavors: r-devel-linux-x86_64-fedora-clang, r-devel-linux-x86_64-fedora-gcc

Version: 0.2.2
Check: package dependencies
Result: NOTE Package suggested but not available for checking: 'doMC' Flavor: r-oldrel-windows-x86_64

These binaries (installable software) and packages are in development.
They may not be fully stable and should be used with caution. We make no claims about them.