CRAN Package Check Results for Package ez

Last updated on 2025-02-16 10:50:45 CET.

Flavor Version Tinstall Tcheck Ttotal Status Flags
r-devel-linux-x86_64-debian-clang 4.4-0 14.20 118.52 132.72 NOTE
r-devel-linux-x86_64-debian-gcc 4.4-0 9.27 85.49 94.76 NOTE
r-devel-linux-x86_64-fedora-clang 4.4-0 222.29 NOTE
r-devel-linux-x86_64-fedora-gcc 4.4-0 194.81 NOTE
r-devel-macos-arm64 4.4-0 57.00 NOTE
r-devel-macos-x86_64 4.4-0 106.00 NOTE
r-devel-windows-x86_64 4.4-0 14.00 129.00 143.00 NOTE
r-patched-linux-x86_64 4.4-0 13.21 109.29 122.50 NOTE
r-release-linux-x86_64 4.4-0 13.16 110.16 123.32 NOTE
r-release-macos-arm64 4.4-0 57.00 NOTE
r-release-macos-x86_64 4.4-0 80.00 NOTE
r-release-windows-x86_64 4.4-0 14.00 123.00 137.00 NOTE
r-oldrel-macos-arm64 4.4-0 62.00 OK
r-oldrel-macos-x86_64 4.4-0 97.00 OK
r-oldrel-windows-x86_64 4.4-0 18.00 146.00 164.00 OK

Check Details

Version: 4.4-0
Check: Rd files
Result: NOTE checkRd: (-1) ez-package.Rd:19: Lost braces in \itemize; meant \describe ? checkRd: (-1) ez-package.Rd:20: Lost braces in \itemize; meant \describe ? checkRd: (-1) ez-package.Rd:21: Lost braces in \itemize; meant \describe ? checkRd: (-1) ez-package.Rd:22: Lost braces in \itemize; meant \describe ? checkRd: (-1) ez-package.Rd:23: Lost braces in \itemize; meant \describe ? checkRd: (-1) ez-package.Rd:24: Lost braces in \itemize; meant \describe ? checkRd: (-1) ez-package.Rd:25: Lost braces in \itemize; meant \describe ? checkRd: (-1) ez-package.Rd:26: Lost braces in \itemize; meant \describe ? checkRd: (-1) ez-package.Rd:27: Lost braces in \itemize; meant \describe ? checkRd: (-1) ez-package.Rd:28: Lost braces in \itemize; meant \describe ? checkRd: (-1) ez-package.Rd:29: Lost braces in \itemize; meant \describe ? checkRd: (-1) ez-package.Rd:30: Lost braces in \itemize; meant \describe ? checkRd: (-1) ez-package.Rd:32: Lost braces in \itemize; meant \describe ? checkRd: (-1) ez-package.Rd:33: Lost braces in \itemize; meant \describe ? Flavors: r-devel-linux-x86_64-debian-clang, r-devel-linux-x86_64-debian-gcc, r-devel-linux-x86_64-fedora-clang, r-devel-linux-x86_64-fedora-gcc, r-devel-macos-arm64, r-devel-macos-x86_64, r-devel-windows-x86_64, r-patched-linux-x86_64, r-release-linux-x86_64, r-release-macos-arm64, r-release-macos-x86_64, r-release-windows-x86_64

These binaries (installable software) and packages are in development.
They may not be fully stable and should be used with caution. We make no claims about them.