CRAN Package Check Results for Package ezmmek

Last updated on 2025-11-14 21:49:59 CET.

Flavor Version Tinstall Tcheck Ttotal Status Flags
r-devel-linux-x86_64-debian-clang 0.2.4 1.66 43.00 44.66 OK
r-devel-linux-x86_64-debian-gcc 0.2.4 1.66 33.85 35.51 OK
r-devel-linux-x86_64-fedora-clang 0.2.4 68.35 OK
r-devel-linux-x86_64-fedora-gcc 0.2.4 82.06 OK
r-devel-windows-x86_64 0.2.4 6.00 59.00 65.00 OK
r-patched-linux-x86_64 0.2.4 2.26 41.30 43.56 OK
r-release-linux-x86_64 0.2.4 2.06 41.49 43.55 OK
r-release-macos-arm64 0.2.4 1.00 30.00 31.00 OK
r-release-macos-x86_64 0.2.4 2.00 59.00 61.00 OK
r-release-windows-x86_64 0.2.4 6.00 57.00 63.00 OK
r-oldrel-macos-arm64 0.2.4 1.00 26.00 27.00 NOTE
r-oldrel-macos-x86_64 0.2.4 2.00 44.00 46.00 NOTE
r-oldrel-windows-x86_64 0.2.4 5.00 70.00 75.00 NOTE

Check Details

Version: 0.2.4
Check: LazyData
Result: NOTE 'LazyData' is specified without a 'data' directory Flavors: r-oldrel-macos-arm64, r-oldrel-macos-x86_64, r-oldrel-windows-x86_64

These binaries (installable software) and packages are in development.
They may not be fully stable and should be used with caution. We make no claims about them.