Last updated on 2025-11-11 15:50:33 CET.
| Flavor | Version | Tinstall | Tcheck | Ttotal | Status | Flags |
|---|---|---|---|---|---|---|
| r-devel-linux-x86_64-debian-clang | 0.1.5 | 9.27 | 70.80 | 80.07 | NOTE | |
| r-devel-linux-x86_64-debian-gcc | 0.1.5 | 5.47 | 49.60 | 55.07 | NOTE | |
| r-devel-linux-x86_64-fedora-clang | 0.1.5 | 20.00 | 99.34 | 119.34 | OK | |
| r-devel-linux-x86_64-fedora-gcc | 0.1.5 | 16.00 | 93.01 | 109.01 | OK | |
| r-devel-windows-x86_64 | 0.1.5 | 10.00 | 75.00 | 85.00 | OK | |
| r-patched-linux-x86_64 | 0.1.5 | 8.22 | 63.00 | 71.22 | OK | |
| r-release-linux-x86_64 | 0.1.5 | 6.09 | 63.14 | 69.23 | OK | |
| r-release-macos-arm64 | 0.1.5 | 2.00 | 24.00 | 26.00 | OK | |
| r-release-macos-x86_64 | 0.1.5 | 6.00 | 44.00 | 50.00 | OK | |
| r-release-windows-x86_64 | 0.1.5 | 10.00 | 73.00 | 83.00 | OK | |
| r-oldrel-macos-arm64 | 0.1.5 | 3.00 | 27.00 | 30.00 | NOTE | |
| r-oldrel-macos-x86_64 | 0.1.5 | 5.00 | 37.00 | 42.00 | NOTE | |
| r-oldrel-windows-x86_64 | 0.1.5 | 13.00 | 95.00 | 108.00 | NOTE |
Version: 0.1.5
Check: CRAN incoming feasibility
Result: NOTE
Maintainer: ‘Jin Kim <jin.m.kim@yale.edu>’
Package CITATION file contains call(s) to old-style citEntry(). Please
use bibentry() instead.
Flavors: r-devel-linux-x86_64-debian-clang, r-devel-linux-x86_64-debian-gcc
Version: 0.1.5
Check: LazyData
Result: NOTE
'LazyData' is specified without a 'data' directory
Flavors: r-oldrel-macos-arm64, r-oldrel-macos-x86_64, r-oldrel-windows-x86_64
These binaries (installable software) and packages are in development.
They may not be fully stable and should be used with caution. We make no claims about them.