Last updated on 2025-10-23 23:49:29 CEST.
| Flavor | Version | Tinstall | Tcheck | Ttotal | Status | Flags |
|---|---|---|---|---|---|---|
| r-devel-linux-x86_64-debian-clang | 4041.97 | 76.24 | 134.07 | 210.31 | OK | |
| r-devel-linux-x86_64-debian-gcc | 4041.97 | 50.36 | 88.19 | 138.55 | NOTE | |
| r-devel-linux-x86_64-fedora-clang | 4041.97 | 292.00 | 38.98 | 330.98 | OK | |
| r-devel-linux-x86_64-fedora-gcc | 4041.97 | 134.00 | 162.75 | 296.75 | OK | |
| r-devel-windows-x86_64 | 4041.97 | 74.00 | 148.00 | 222.00 | OK | |
| r-patched-linux-x86_64 | 4041.97 | 65.92 | 127.19 | 193.11 | OK | |
| r-release-linux-x86_64 | 4041.97 | 66.17 | 127.07 | 193.24 | OK | |
| r-release-macos-arm64 | 4041.97 | 41.00 | 55.00 | 96.00 | OK | |
| r-release-macos-x86_64 | 4041.97 | 96.00 | 104.00 | 200.00 | OK | |
| r-release-windows-x86_64 | 4041.97 | 73.00 | 149.00 | 222.00 | OK | |
| r-oldrel-macos-arm64 | 4041.97 | 39.00 | 54.00 | 93.00 | OK | |
| r-oldrel-macos-x86_64 | 4041.97 | 127.00 | 133.00 | 260.00 | OK | |
| r-oldrel-windows-x86_64 | 4041.97 | 95.00 | 184.00 | 279.00 | OK |
Version: 4041.97
Check: Rd files
Result: NOTE
checkRd: (-1) plot-qqPlot.Rd:104-108: Only 2 columns allowed in this table (row 1 has 1)
checkRd: (-1) plot-qqPlot.Rd:104-108: Only 2 columns allowed in this table (row 2 has 1)
checkRd: (-1) plot-qqPlot.Rd:104-108: Only 2 columns allowed in this table (row 3 has 1)
checkRd: (-1) plot-qqPlot.Rd:104-108: Only 2 columns allowed in this table (row 4 has 1)
Flavor: r-devel-linux-x86_64-debian-gcc
These binaries (installable software) and packages are in development.
They may not be fully stable and should be used with caution. We make no claims about them.