Last updated on 2025-10-03 17:48:33 CEST.
Flavor | Version | Tinstall | Tcheck | Ttotal | Status | Flags |
---|---|---|---|---|---|---|
r-devel-linux-x86_64-debian-clang | 1.0.2 | 180.41 | 465.79 | 646.20 | OK | |
r-devel-linux-x86_64-debian-gcc | 1.0.2 | 105.92 | 377.27 | 483.19 | OK | |
r-devel-linux-x86_64-fedora-clang | 1.0.2 | 925.06 | OK | |||
r-devel-linux-x86_64-fedora-gcc | 1.0.2 | 898.48 | OK | |||
r-devel-windows-x86_64 | 1.0.2 | 217.00 | 298.00 | 515.00 | OK | |
r-patched-linux-x86_64 | 1.0.2 | 185.32 | 488.62 | 673.94 | OK | |
r-release-linux-x86_64 | 1.0.2 | 174.31 | 496.51 | 670.82 | OK | |
r-release-macos-arm64 | 1.0.2 | 164.00 | OK | |||
r-release-macos-x86_64 | 1.0.2 | 312.00 | OK | |||
r-release-windows-x86_64 | 1.0.2 | 207.00 | 297.00 | 504.00 | OK | |
r-oldrel-macos-arm64 | 1.0.2 | 167.00 | NOTE | |||
r-oldrel-macos-x86_64 | 1.0.2 | 302.00 | NOTE | |||
r-oldrel-windows-x86_64 | 1.0.2 | 249.00 | 370.00 | 619.00 | OK |
Version: 1.0.2
Check: installed package size
Result: NOTE
installed size is 10.2Mb
sub-directories of 1Mb or more:
libs 8.6Mb
Flavors: r-oldrel-macos-arm64, r-oldrel-macos-x86_64
These binaries (installable software) and packages are in development.
They may not be fully stable and should be used with caution. We make no claims about them.