CRAN Package Check Results for Package fEGarch

Last updated on 2025-07-25 01:49:27 CEST.

Flavor Version Tinstall Tcheck Ttotal Status Flags
r-devel-linux-x86_64-debian-clang 1.0.1 188.76 488.11 676.87 OK
r-devel-linux-x86_64-debian-gcc 1.0.1 123.22 362.69 485.91 OK
r-devel-linux-x86_64-fedora-clang 1.0.1 902.57 OK
r-devel-linux-x86_64-fedora-gcc 1.0.1 949.32 OK
r-devel-windows-x86_64 1.0.1 211.00 348.00 559.00 OK
r-patched-linux-x86_64 1.0.1 169.93 485.80 655.73 OK
r-release-linux-x86_64 1.0.1 166.31 487.59 653.90 OK
r-release-macos-arm64 1.0.1 173.00 OK
r-release-macos-x86_64 1.0.1 261.00 OK
r-release-windows-x86_64 1.0.1 196.00 335.00 531.00 OK
r-oldrel-macos-arm64 1.0.1 168.00 NOTE
r-oldrel-macos-x86_64 1.0.1 262.00 NOTE
r-oldrel-windows-x86_64 1.0.1 244.00 379.00 623.00 OK

Check Details

Version: 1.0.1
Check: installed package size
Result: NOTE installed size is 10.2Mb sub-directories of 1Mb or more: libs 8.6Mb Flavors: r-oldrel-macos-arm64, r-oldrel-macos-x86_64

These binaries (installable software) and packages are in development.
They may not be fully stable and should be used with caution. We make no claims about them.