CRAN Package Check Results for Package fHMM

Last updated on 2025-05-08 04:52:04 CEST.

Flavor Version Tinstall Tcheck Ttotal Status Flags
r-devel-linux-x86_64-debian-clang 1.4.2 30.40 140.61 171.01 OK
r-devel-linux-x86_64-debian-gcc 1.4.2 20.35 99.92 120.27 OK
r-devel-linux-x86_64-fedora-clang 1.4.2 292.39 OK
r-devel-linux-x86_64-fedora-gcc 1.4.2 280.71 OK
r-devel-windows-x86_64 1.4.2 37.00 247.00 284.00 OK
r-patched-linux-x86_64 1.4.2 27.22 132.92 160.14 OK
r-release-linux-x86_64 1.4.2 30.30 133.09 163.39 OK
r-release-macos-arm64 1.4.2 84.00 OK
r-release-macos-x86_64 1.4.2 136.00 OK
r-release-windows-x86_64 1.4.2 40.00 180.00 220.00 OK
r-oldrel-macos-arm64 1.4.2 140.00 NOTE
r-oldrel-macos-x86_64 1.4.2 129.00 NOTE
r-oldrel-windows-x86_64 1.4.2 46.00 223.00 269.00 NOTE

Check Details

Version: 1.4.2
Check: installed package size
Result: NOTE installed size is 6.1Mb sub-directories of 1Mb or more: data 2.1Mb doc 1.1Mb libs 1.2Mb Flavors: r-oldrel-macos-arm64, r-oldrel-macos-x86_64, r-oldrel-windows-x86_64

These binaries (installable software) and packages are in development.
They may not be fully stable and should be used with caution. We make no claims about them.