Last updated on 2025-02-16 10:50:46 CET.
Flavor | Version | Tinstall | Tcheck | Ttotal | Status | Flags |
---|---|---|---|---|---|---|
r-devel-linux-x86_64-debian-clang | 1.4.1 | 30.31 | 130.76 | 161.07 | OK | |
r-devel-linux-x86_64-debian-gcc | 1.4.1 | 22.25 | 88.91 | 111.16 | OK | |
r-devel-linux-x86_64-fedora-clang | 1.4.1 | 299.16 | OK | |||
r-devel-linux-x86_64-fedora-gcc | 1.4.1 | 283.99 | OK | |||
r-devel-macos-arm64 | 1.4.1 | 86.00 | OK | |||
r-devel-macos-x86_64 | 1.4.1 | 150.00 | OK | |||
r-devel-windows-x86_64 | 1.4.1 | 36.00 | 239.00 | 275.00 | OK | |
r-patched-linux-x86_64 | 1.4.1 | 28.17 | 121.27 | 149.44 | OK | |
r-release-linux-x86_64 | 1.4.1 | 29.32 | 123.66 | 152.98 | OK | |
r-release-macos-arm64 | 1.4.1 | 77.00 | NOTE | |||
r-release-macos-x86_64 | 1.4.1 | 153.00 | NOTE | |||
r-release-windows-x86_64 | 1.4.1 | 35.00 | 170.00 | 205.00 | NOTE | |
r-oldrel-macos-arm64 | 1.4.1 | 111.00 | NOTE | |||
r-oldrel-macos-x86_64 | 1.4.1 | 192.00 | NOTE | |||
r-oldrel-windows-x86_64 | 1.4.1 | 44.00 | 213.00 | 257.00 | NOTE |
Version: 1.4.1
Check: installed package size
Result: NOTE
installed size is 5.7Mb
sub-directories of 1Mb or more:
data 2.1Mb
libs 1.2Mb
Flavors: r-release-macos-arm64, r-release-macos-x86_64, r-release-windows-x86_64, r-oldrel-macos-arm64, r-oldrel-macos-x86_64, r-oldrel-windows-x86_64
These binaries (installable software) and packages are in development.
They may not be fully stable and should be used with caution. We make no claims about them.