Last updated on 2024-07-27 15:50:17 CEST.
Flavor | Version | Tinstall | Tcheck | Ttotal | Status | Flags |
---|---|---|---|---|---|---|
r-devel-linux-x86_64-debian-clang | 1.3.1 | 39.49 | 166.62 | 206.11 | OK | |
r-devel-linux-x86_64-debian-gcc | 1.3.1 | OK | ||||
r-devel-linux-x86_64-fedora-clang | 1.3.1 | 278.59 | OK | |||
r-devel-linux-x86_64-fedora-gcc | 1.3.1 | 285.00 | OK | |||
r-devel-windows-x86_64 | 1.3.1 | 37.00 | 166.00 | 203.00 | OK | |
r-patched-linux-x86_64 | 1.3.1 | OK | ||||
r-release-linux-x86_64 | 1.3.1 | 25.13 | 158.22 | 183.35 | OK | |
r-release-macos-arm64 | 1.3.1 | 103.00 | NOTE | |||
r-release-macos-x86_64 | 1.3.1 | 163.00 | NOTE | |||
r-release-windows-x86_64 | 1.3.1 | 43.00 | 163.00 | 206.00 | OK | |
r-oldrel-macos-arm64 | 1.3.1 | 107.00 | NOTE | |||
r-oldrel-macos-x86_64 | 1.3.1 | 186.00 | NOTE | |||
r-oldrel-windows-x86_64 | 1.3.1 | 47.00 | 205.00 | 252.00 | OK |
Version: 1.3.1
Check: installed package size
Result: NOTE
installed size is 5.2Mb
sub-directories of 1Mb or more:
data 2.0Mb
libs 1.2Mb
Flavors: r-release-macos-arm64, r-release-macos-x86_64, r-oldrel-macos-arm64, r-oldrel-macos-x86_64
These binaries (installable software) and packages are in development.
They may not be fully stable and should be used with caution. We make no claims about them.