Last updated on 2025-10-03 03:50:40 CEST.
Flavor | Version | Tinstall | Tcheck | Ttotal | Status | Flags |
---|---|---|---|---|---|---|
r-devel-linux-x86_64-debian-clang | 4031.84 | 6.03 | 64.89 | 70.92 | NOTE | |
r-devel-linux-x86_64-debian-gcc | 4031.84 | 4.37 | 46.14 | 50.51 | NOTE | |
r-devel-linux-x86_64-fedora-clang | 4031.84 | 111.85 | OK | |||
r-devel-linux-x86_64-fedora-gcc | 4031.84 | 101.89 | OK | |||
r-devel-windows-x86_64 | 4031.84 | 7.00 | 77.00 | 84.00 | OK | |
r-patched-linux-x86_64 | 4031.84 | 6.05 | 62.55 | 68.60 | OK | |
r-release-linux-x86_64 | 4031.84 | 6.07 | 62.01 | 68.08 | OK | |
r-release-macos-arm64 | 4031.84 | 35.00 | OK | |||
r-release-macos-x86_64 | 4031.84 | 62.00 | OK | |||
r-release-windows-x86_64 | 4031.84 | 7.00 | 77.00 | 84.00 | OK | |
r-oldrel-macos-arm64 | 4031.84 | 31.00 | OK | |||
r-oldrel-macos-x86_64 | 4031.84 | 54.00 | OK | |||
r-oldrel-windows-x86_64 | 4031.84 | 10.00 | 93.00 | 103.00 | OK |
Version: 4031.84
Check: CRAN incoming feasibility
Result: NOTE
Maintainer: ‘Stefan Theussl <Stefan.Theussl@R-Project.org>’
The Description field contains
<arXiv:0911.2093> to manage, investigate and analyze bivariate and
Please refer to arXiv e-prints via their arXiv DOI <doi:10.48550/arXiv.YYMM.NNNNN>.
Flavors: r-devel-linux-x86_64-debian-clang, r-devel-linux-x86_64-debian-gcc
These binaries (installable software) and packages are in development.
They may not be fully stable and should be used with caution. We make no claims about them.