Last updated on 2025-11-11 15:50:34 CET.
| Flavor | Version | Tinstall | Tcheck | Ttotal | Status | Flags |
|---|---|---|---|---|---|---|
| r-devel-linux-x86_64-debian-clang | 1.0.0 | 12.34 | 528.81 | 541.15 | NOTE | |
| r-devel-linux-x86_64-debian-gcc | 1.0.0 | 8.13 | 308.77 | 316.90 | NOTE | |
| r-devel-linux-x86_64-fedora-clang | 1.0.0 | 30.00 | 839.20 | 869.20 | OK | |
| r-devel-linux-x86_64-fedora-gcc | 1.0.0 | 22.00 | 822.09 | 844.09 | OK | |
| r-devel-windows-x86_64 | 1.0.0 | 14.00 | 454.00 | 468.00 | OK | |
| r-patched-linux-x86_64 | 1.0.0 | 11.84 | 514.93 | 526.77 | OK | |
| r-release-linux-x86_64 | 1.0.0 | 11.39 | 508.57 | 519.96 | OK | |
| r-release-macos-arm64 | 1.0.0 | 7.00 | 308.00 | 315.00 | OK | |
| r-release-macos-x86_64 | 1.0.0 | 10.00 | 488.00 | 498.00 | OK | |
| r-release-windows-x86_64 | 1.0.0 | 13.00 | 450.00 | 463.00 | OK | |
| r-oldrel-macos-arm64 | 1.0.0 | 5.00 | 203.00 | 208.00 | OK | |
| r-oldrel-macos-x86_64 | 1.0.0 | 8.00 | 344.00 | 352.00 | OK | |
| r-oldrel-windows-x86_64 | 1.0.0 | 16.00 | 647.00 | 663.00 | OK |
Version: 1.0.0
Check: CRAN incoming feasibility
Result: NOTE
Maintainer: ‘Salil Koner <salil.koner@duke.edu>’
The Description field contains
(2023) <arXiv:2302.05612> respectively.
Please refer to arXiv e-prints via their arXiv DOI <doi:10.48550/arXiv.YYMM.NNNNN>.
Flavors: r-devel-linux-x86_64-debian-clang, r-devel-linux-x86_64-debian-gcc
These binaries (installable software) and packages are in development.
They may not be fully stable and should be used with caution. We make no claims about them.