CRAN Package Check Results for Package fPortfolio

Last updated on 2025-04-15 00:50:11 CEST.

Flavor Version Tinstall Tcheck Ttotal Status Flags
r-devel-linux-x86_64-debian-clang 4023.84 22.22 146.51 168.73 OK
r-devel-linux-x86_64-debian-gcc 4023.84 14.05 100.93 114.98 OK
r-devel-linux-x86_64-fedora-clang 4023.84 267.96 OK
r-devel-linux-x86_64-fedora-gcc 4023.84 272.65 OK
r-devel-windows-x86_64 4023.84 24.00 138.00 162.00 OK
r-patched-linux-x86_64 4023.84 25.66 137.01 162.67 OK
r-release-linux-x86_64 4023.84 20.97 141.66 162.63 OK
r-release-macos-arm64 4023.84 75.00 OK
r-release-macos-x86_64 4023.84 153.00 OK
r-release-windows-x86_64 4023.84 26.00 136.00 162.00 OK
r-oldrel-macos-arm64 4023.84 63.00 NOTE
r-oldrel-macos-x86_64 4023.84 106.00 NOTE
r-oldrel-windows-x86_64 4023.84 31.00 181.00 212.00 OK

Check Details

Version: 4023.84
Check: package dependencies
Result: NOTE Package suggested but not available for checking: ‘bcp’ Flavors: r-oldrel-macos-arm64, r-oldrel-macos-x86_64

These binaries (installable software) and packages are in development.
They may not be fully stable and should be used with caution. We make no claims about them.