CRAN Package Check Results for Package fPortfolio

Last updated on 2025-07-25 15:50:01 CEST.

Flavor Version Tinstall Tcheck Ttotal Status Flags
r-devel-linux-x86_64-debian-clang 4023.84 24.06 146.39 170.45 OK
r-devel-linux-x86_64-debian-gcc 4023.84 16.34 102.64 118.98 OK
r-devel-linux-x86_64-fedora-clang 4023.84 271.19 OK
r-devel-linux-x86_64-fedora-gcc 4023.84 272.16 OK
r-devel-windows-x86_64 4023.84 26.00 159.00 185.00 OK
r-patched-linux-x86_64 4023.84 26.09 140.43 166.52 OK
r-release-linux-x86_64 4023.84 23.82 141.76 165.58 OK
r-release-macos-arm64 4023.84 75.00 OK
r-release-macos-x86_64 4023.84 153.00 OK
r-release-windows-x86_64 4023.84 25.00 148.00 173.00 OK
r-oldrel-macos-arm64 4023.84 63.00 NOTE
r-oldrel-macos-x86_64 4023.84 106.00 NOTE
r-oldrel-windows-x86_64 4023.84 34.00 185.00 219.00 OK

Check Details

Version: 4023.84
Check: package dependencies
Result: NOTE Package suggested but not available for checking: ‘bcp’ Flavors: r-oldrel-macos-arm64, r-oldrel-macos-x86_64

These binaries (installable software) and packages are in development.
They may not be fully stable and should be used with caution. We make no claims about them.