Last updated on 2024-07-27 15:50:18 CEST.
Flavor | Version | Tinstall | Tcheck | Ttotal | Status | Flags |
---|---|---|---|---|---|---|
r-devel-linux-x86_64-debian-clang | 1.3.0 | 18.63 | 57.26 | 75.89 | OK | |
r-devel-linux-x86_64-debian-gcc | 1.3.0 | OK | ||||
r-devel-linux-x86_64-fedora-clang | 1.3.0 | 110.09 | OK | |||
r-devel-linux-x86_64-fedora-gcc | 1.3.0 | 106.18 | OK | |||
r-devel-windows-x86_64 | 1.3.0 | 13.00 | 77.00 | 90.00 | OK | |
r-patched-linux-x86_64 | 1.3.0 | OK | ||||
r-release-linux-x86_64 | 1.3.0 | 15.24 | 53.92 | 69.16 | OK | |
r-release-macos-arm64 | 1.3.0 | 11.00 | ERROR | |||
r-release-macos-x86_64 | 1.3.0 | 13.00 | ERROR | |||
r-release-windows-x86_64 | 1.3.0 | 19.00 | 82.00 | 101.00 | OK | |
r-oldrel-macos-arm64 | 1.3.0 | 42.00 | OK | |||
r-oldrel-macos-x86_64 | 1.3.0 | 115.00 | OK | |||
r-oldrel-windows-x86_64 | 1.3.0 | 14.00 | 93.00 | 107.00 | OK |
Version: 1.3.0
Check: whether package can be installed
Result: ERROR
Installation failed.
Flavors: r-release-macos-arm64, r-release-macos-x86_64
These binaries (installable software) and packages are in development.
They may not be fully stable and should be used with caution. We make no claims about them.