Last updated on 2025-05-01 14:49:09 CEST.
Flavor | Version | Tinstall | Tcheck | Ttotal | Status | Flags |
---|---|---|---|---|---|---|
r-devel-linux-x86_64-debian-clang | 0.2 | 2.02 | 26.84 | 28.86 | NOTE | |
r-devel-linux-x86_64-debian-gcc | 0.2 | 1.59 | 20.73 | 22.32 | NOTE | |
r-devel-linux-x86_64-fedora-clang | 0.2 | 46.77 | NOTE | |||
r-devel-linux-x86_64-fedora-gcc | 0.2 | 44.42 | NOTE | |||
r-devel-windows-x86_64 | 0.2 | 4.00 | 54.00 | 58.00 | NOTE | |
r-patched-linux-x86_64 | 0.2 | 2.49 | 25.44 | 27.93 | NOTE | |
r-release-linux-x86_64 | NOTE | |||||
r-release-macos-arm64 | 0.2 | 18.00 | NOTE | |||
r-release-macos-x86_64 | 0.2 | 30.00 | NOTE | |||
r-release-windows-x86_64 | 0.2 | 3.00 | 56.00 | 59.00 | NOTE | |
r-oldrel-macos-arm64 | 0.2 | 16.00 | NOTE | |||
r-oldrel-macos-x86_64 | 0.2 | 25.00 | NOTE | |||
r-oldrel-windows-x86_64 | 0.2 | 4.00 | 53.00 | 57.00 | NOTE |
Version: 0.2
Check: CRAN incoming feasibility
Result: NOTE
Maintainer: ‘Peter Hoff <peter.hoff@duke.edu>’
No Authors@R field in DESCRIPTION.
Please add one, modifying
Authors@R: c(person(given = "Peter",
family = "Hoff",
role = c("aut", "cre"),
email = "peter.hoff@duke.edu"),
person(given = "Chaoyu",
family = "Yu",
role = "aut"))
as necessary.
Flavors: r-devel-linux-x86_64-debian-clang, r-devel-linux-x86_64-debian-gcc
Version: 0.2
Check: package subdirectories
Result: NOTE
Problems with news in ‘NEWS.md’:
No news entries found.
Flavors: r-devel-linux-x86_64-debian-clang, r-devel-linux-x86_64-debian-gcc, r-devel-linux-x86_64-fedora-clang, r-devel-linux-x86_64-fedora-gcc, r-devel-windows-x86_64, r-patched-linux-x86_64, r-release-linux-x86_64, r-release-macos-arm64, r-release-macos-x86_64, r-release-windows-x86_64, r-oldrel-macos-arm64, r-oldrel-macos-x86_64, r-oldrel-windows-x86_64
These binaries (installable software) and packages are in development.
They may not be fully stable and should be used with caution. We make no claims about them.