Last updated on 2025-11-12 23:50:43 CET.
| Flavor | Version | Tinstall | Tcheck | Ttotal | Status | Flags |
|---|---|---|---|---|---|---|
| r-devel-linux-x86_64-debian-clang | 1.0.4 | 2.34 | 31.53 | 33.87 | NOTE | |
| r-devel-linux-x86_64-debian-gcc | 1.0.4 | 1.66 | 25.37 | 27.03 | NOTE | |
| r-devel-linux-x86_64-fedora-clang | 1.0.4 | 50.20 | OK | |||
| r-devel-linux-x86_64-fedora-gcc | 1.0.4 | 60.76 | OK | |||
| r-devel-windows-x86_64 | 1.0.4 | 5.00 | 54.00 | 59.00 | OK | |
| r-patched-linux-x86_64 | 1.0.4 | 2.66 | 28.78 | 31.44 | OK | |
| r-release-linux-x86_64 | 1.0.4 | 2.16 | 28.59 | 30.75 | OK | |
| r-release-macos-arm64 | 1.0.4 | 2.00 | 38.00 | 40.00 | OK | |
| r-release-macos-x86_64 | 1.0.4 | 3.00 | 58.00 | 61.00 | OK | |
| r-release-windows-x86_64 | 1.0.4 | 4.00 | 50.00 | 54.00 | OK | |
| r-oldrel-macos-arm64 | 1.0.4 | 1.00 | 25.00 | 26.00 | OK | |
| r-oldrel-macos-x86_64 | 1.0.4 | 2.00 | 34.00 | 36.00 | OK | |
| r-oldrel-windows-x86_64 | 1.0.4 | 5.00 | 58.00 | 63.00 | OK |
Version: 1.0.4
Check: CRAN incoming feasibility
Result: NOTE
Maintainer: ‘Elizabeth Bersson <elizabeth.bersson@duke.edu>’
The Description field contains
<arXiv:2204.08122> "Optimal Conformal Prediction for Small Areas".
Please refer to arXiv e-prints via their arXiv DOI <doi:10.48550/arXiv.YYMM.NNNNN>.
Flavors: r-devel-linux-x86_64-debian-clang, r-devel-linux-x86_64-debian-gcc
These binaries (installable software) and packages are in development.
They may not be fully stable and should be used with caution. We make no claims about them.