Last updated on 2025-05-01 08:52:32 CEST.
Flavor | Version | Tinstall | Tcheck | Ttotal | Status | Flags |
---|---|---|---|---|---|---|
r-devel-linux-x86_64-debian-clang | 0.0.4.5 | 10.82 | 88.98 | 99.80 | NOTE | |
r-devel-linux-x86_64-debian-gcc | 0.0.4.5 | 9.04 | 65.43 | 74.47 | NOTE | |
r-devel-linux-x86_64-fedora-clang | 0.0.4.5 | 146.79 | OK | |||
r-devel-linux-x86_64-fedora-gcc | 0.0.4.5 | 137.93 | OK | |||
r-devel-windows-x86_64 | 0.0.4.5 | 13.00 | 96.00 | 109.00 | OK | |
r-patched-linux-x86_64 | 0.0.4.5 | 10.10 | 83.86 | 93.96 | OK | |
r-release-linux-x86_64 | OK | |||||
r-release-macos-arm64 | 0.0.4.5 | 42.00 | OK | |||
r-release-macos-x86_64 | 0.0.4.5 | 75.00 | OK | |||
r-release-windows-x86_64 | 0.0.4.5 | 14.00 | 96.00 | 110.00 | OK | |
r-oldrel-macos-arm64 | 0.0.4.5 | 38.00 | OK | |||
r-oldrel-macos-x86_64 | 0.0.4.5 | 60.00 | OK | |||
r-oldrel-windows-x86_64 | 0.0.4.5 | 15.00 | 117.00 | 132.00 | OK |
Version: 0.0.4.5
Check: CRAN incoming feasibility
Result: NOTE
Maintainer: ‘Martin Ondrus <mondrus@ualberta.ca>’
The Description field contains
(2021) <arXiv:2103.06347>. For a more detailed explanation and applied
Please refer to arXiv e-prints via their arXiv DOI <doi:10.48550/arXiv.YYMM.NNNNN>.
Flavors: r-devel-linux-x86_64-debian-clang, r-devel-linux-x86_64-debian-gcc
These binaries (installable software) and packages are in development.
They may not be fully stable and should be used with caution. We make no claims about them.