CRAN Package Check Results for Package fable

Last updated on 2025-05-01 08:52:32 CEST.

Flavor Version Tinstall Tcheck Ttotal Status Flags
r-devel-linux-x86_64-debian-clang 0.4.1 25.08 178.62 203.70 NOTE
r-devel-linux-x86_64-debian-gcc 0.4.1 16.37 123.57 139.94 OK
r-devel-linux-x86_64-fedora-clang 0.4.1 345.44 OK
r-devel-linux-x86_64-fedora-gcc 0.4.1 333.23 OK
r-devel-windows-x86_64 0.4.1 32.00 234.00 266.00 OK
r-patched-linux-x86_64 0.4.1 25.21 167.95 193.16 OK
r-release-linux-x86_64 OK
r-release-macos-arm64 0.4.1 86.00 OK
r-release-macos-x86_64 0.4.1 184.00 OK
r-release-windows-x86_64 0.4.1 33.00 252.00 285.00 OK
r-oldrel-macos-arm64 0.4.1 95.00 OK
r-oldrel-macos-x86_64 0.4.1 156.00 OK
r-oldrel-windows-x86_64 0.4.1 38.00 282.00 320.00 OK

Check Details

Version: 0.4.1
Check: examples
Result: NOTE Examples with CPU (user + system) or elapsed time > 5s user system elapsed VARIMA 7.831 0.197 9.391 Flavor: r-devel-linux-x86_64-debian-clang

Version: 0.4.1
Check: examples
Result: NA user system elapsed VARIMA 4.628 0.162 5.361 OK Flavor: r-devel-linux-x86_64-debian-gcc

These binaries (installable software) and packages are in development.
They may not be fully stable and should be used with caution. We make no claims about them.