Last updated on 2025-02-16 10:50:45 CET.
Flavor | Version | Tinstall | Tcheck | Ttotal | Status | Flags |
---|---|---|---|---|---|---|
r-devel-linux-x86_64-debian-clang | 0.1.0 | 6.62 | 119.00 | 125.62 | OK | |
r-devel-linux-x86_64-debian-gcc | 0.1.0 | 5.72 | 84.86 | 90.58 | OK | |
r-devel-linux-x86_64-fedora-clang | 0.1.0 | 207.54 | OK | |||
r-devel-linux-x86_64-fedora-gcc | 0.1.0 | 194.96 | OK | |||
r-devel-macos-arm64 | 0.1.0 | 58.00 | OK | |||
r-devel-macos-x86_64 | 0.1.0 | 122.00 | OK | |||
r-devel-windows-x86_64 | 0.1.0 | 9.00 | 128.00 | 137.00 | OK | |
r-patched-linux-x86_64 | 0.1.0 | 7.27 | 113.75 | 121.02 | NOTE | |
r-release-linux-x86_64 | 0.1.0 | 7.16 | 112.51 | 119.67 | NOTE | |
r-release-macos-arm64 | 0.1.0 | 55.00 | NOTE | |||
r-release-macos-x86_64 | 0.1.0 | 84.00 | NOTE | |||
r-release-windows-x86_64 | 0.1.0 | 8.00 | 136.00 | 144.00 | NOTE | |
r-oldrel-macos-arm64 | 0.1.0 | 58.00 | NOTE | |||
r-oldrel-macos-x86_64 | 0.1.0 | 84.00 | NOTE | |||
r-oldrel-windows-x86_64 | 0.1.0 | 10.00 | 148.00 | 158.00 | NOTE |
Version: 0.1.0
Check: LazyData
Result: NOTE
'LazyData' is specified without a 'data' directory
Flavors: r-patched-linux-x86_64, r-release-linux-x86_64, r-release-macos-arm64, r-release-macos-x86_64, r-release-windows-x86_64, r-oldrel-macos-arm64, r-oldrel-macos-x86_64, r-oldrel-windows-x86_64
These binaries (installable software) and packages are in development.
They may not be fully stable and should be used with caution. We make no claims about them.