CRAN Package Check Results for Package fable.prophet

Last updated on 2025-05-08 04:52:04 CEST.

Flavor Version Tinstall Tcheck Ttotal Status Flags
r-devel-linux-x86_64-debian-clang 0.1.0 7.73 126.29 134.02 OK
r-devel-linux-x86_64-debian-gcc 0.1.0 5.39 89.33 94.72 OK
r-devel-linux-x86_64-fedora-clang 0.1.0 216.46 OK
r-devel-linux-x86_64-fedora-gcc 0.1.0 203.04 OK
r-devel-windows-x86_64 0.1.0 10.00 139.00 149.00 OK
r-patched-linux-x86_64 0.1.0 7.95 118.87 126.82 OK
r-release-linux-x86_64 0.1.0 6.64 118.94 125.58 OK
r-release-macos-arm64 0.1.0 58.00 OK
r-release-macos-x86_64 0.1.0 122.00 OK
r-release-windows-x86_64 0.1.0 9.00 136.00 145.00 OK
r-oldrel-macos-arm64 0.1.0 55.00 NOTE
r-oldrel-macos-x86_64 0.1.0 84.00 NOTE
r-oldrel-windows-x86_64 0.1.0 12.00 170.00 182.00 NOTE

Check Details

Version: 0.1.0
Check: LazyData
Result: NOTE 'LazyData' is specified without a 'data' directory Flavors: r-oldrel-macos-arm64, r-oldrel-macos-x86_64, r-oldrel-windows-x86_64

These binaries (installable software) and packages are in development.
They may not be fully stable and should be used with caution. We make no claims about them.