Last updated on 2025-05-01 12:49:27 CEST.
Flavor | Version | Tinstall | Tcheck | Ttotal | Status | Flags |
---|---|---|---|---|---|---|
r-devel-linux-x86_64-debian-clang | 0.5.0 | 15.29 | 197.40 | 212.69 | NOTE | |
r-devel-linux-x86_64-debian-gcc | 0.5.0 | 11.48 | 130.39 | 141.87 | OK | |
r-devel-linux-x86_64-fedora-clang | 0.5.0 | 350.63 | OK | |||
r-devel-linux-x86_64-fedora-gcc | 0.5.0 | 347.34 | OK | |||
r-devel-windows-x86_64 | 0.5.0 | 16.00 | 186.00 | 202.00 | OK | |
r-patched-linux-x86_64 | 0.5.0 | 20.70 | 181.73 | 202.43 | OK | |
r-release-linux-x86_64 | OK | |||||
r-release-macos-arm64 | 0.5.0 | 94.00 | OK | |||
r-release-macos-x86_64 | 0.5.0 | 246.00 | OK | |||
r-release-windows-x86_64 | 0.5.0 | 17.00 | 187.00 | 204.00 | OK | |
r-oldrel-macos-arm64 | 0.5.0 | 80.00 | OK | |||
r-oldrel-macos-x86_64 | 0.5.0 | 175.00 | OK | |||
r-oldrel-windows-x86_64 | 0.5.0 | 22.00 | 246.00 | 268.00 | OK |
Version: 0.5.0
Check: examples
Result: NOTE
Examples with CPU (user + system) or elapsed time > 5s
user system elapsed
accuracy 8.336 0.103 9.549
forecast 8.002 0.079 9.123
Flavor: r-devel-linux-x86_64-debian-clang
Version: 0.5.0
Check: examples
Result: NA
user system elapsed
forecast 4.885 0.124 6.160
accuracy 4.567 0.081 5.734
OK
Flavor: r-devel-linux-x86_64-debian-gcc
These binaries (installable software) and packages are in development.
They may not be fully stable and should be used with caution. We make no claims about them.