Last updated on 2025-10-31 01:48:57 CET.
| Flavor | Version | Tinstall | Tcheck | Ttotal | Status | Flags | 
|---|---|---|---|---|---|---|
| r-devel-linux-x86_64-debian-clang | 0.1.2 | 1.93 | 21.58 | 23.51 | OK | |
| r-devel-linux-x86_64-debian-gcc | 0.1.2 | 1.32 | 17.72 | 19.04 | OK | |
| r-devel-linux-x86_64-fedora-clang | 0.1.2 | 31.94 | OK | |||
| r-devel-linux-x86_64-fedora-gcc | 0.1.2 | 30.21 | OK | |||
| r-devel-windows-x86_64 | 0.1.2 | 3.00 | 41.00 | 44.00 | OK | |
| r-patched-linux-x86_64 | 0.1.2 | 2.16 | 19.05 | 21.21 | OK | |
| r-release-linux-x86_64 | 0.1.2 | 1.88 | 19.35 | 21.23 | OK | |
| r-release-macos-arm64 | 0.1.2 | 1.00 | 15.00 | 16.00 | OK | |
| r-release-macos-x86_64 | 0.1.2 | 2.00 | 23.00 | 25.00 | OK | |
| r-release-windows-x86_64 | 0.1.2 | 4.00 | 41.00 | 45.00 | OK | |
| r-oldrel-macos-arm64 | 0.1.2 | 1.00 | 13.00 | 14.00 | NOTE | |
| r-oldrel-macos-x86_64 | 0.1.2 | 2.00 | 18.00 | 20.00 | NOTE | |
| r-oldrel-windows-x86_64 | 0.1.2 | 4.00 | 44.00 | 48.00 | NOTE | 
Version: 0.1.2
Check: LazyData
Result: NOTE
    'LazyData' is specified without a 'data' directory
Flavors: r-oldrel-macos-arm64, r-oldrel-macos-x86_64, r-oldrel-windows-x86_64
These binaries (installable software) and packages are in development.
They may not be fully stable and should be used with caution. We make no claims about them.