CRAN Package Check Results for Package factoextra

Last updated on 2025-02-16 10:50:45 CET.

Flavor Version Tinstall Tcheck Ttotal Status Flags
r-devel-linux-x86_64-debian-clang 1.0.7 9.32 94.21 103.53 NOTE
r-devel-linux-x86_64-debian-gcc 1.0.7 6.71 65.03 71.74 NOTE
r-devel-linux-x86_64-fedora-clang 1.0.7 174.74 NOTE
r-devel-linux-x86_64-fedora-gcc 1.0.7 154.75 NOTE
r-devel-macos-arm64 1.0.7 46.00 NOTE
r-devel-macos-x86_64 1.0.7 83.00 NOTE
r-devel-windows-x86_64 1.0.7 11.00 114.00 125.00 NOTE
r-patched-linux-x86_64 1.0.7 10.65 87.44 98.09 NOTE
r-release-linux-x86_64 1.0.7 7.86 86.53 94.39 NOTE
r-release-macos-arm64 1.0.7 44.00 NOTE
r-release-macos-x86_64 1.0.7 66.00 NOTE
r-release-windows-x86_64 1.0.7 13.00 107.00 120.00 NOTE
r-oldrel-macos-arm64 1.0.7 50.00 OK
r-oldrel-macos-x86_64 1.0.7 73.00 OK
r-oldrel-windows-x86_64 1.0.7 14.00 155.00 169.00 OK

Check Details

Version: 1.0.7
Check: Rd files
Result: NOTE checkRd: (-1) fviz_nbclust.Rd:75: Lost braces; missing escapes or markup? 75 | (2001) proposed: "the smallest k such that gap(k) >= gap(k+1) - s_{k+1}". | ^ checkRd: (-1) fviz_nbclust.Rd:77: Lost braces; missing escapes or markup? 77 | SE.factor*s_{k+1}" where SE.factor is a numeric value which can be 1 | ^ Flavors: r-devel-linux-x86_64-debian-clang, r-devel-linux-x86_64-debian-gcc, r-devel-linux-x86_64-fedora-clang, r-devel-linux-x86_64-fedora-gcc, r-devel-macos-arm64, r-devel-macos-x86_64, r-devel-windows-x86_64, r-patched-linux-x86_64, r-release-linux-x86_64, r-release-macos-arm64, r-release-macos-x86_64, r-release-windows-x86_64

These binaries (installable software) and packages are in development.
They may not be fully stable and should be used with caution. We make no claims about them.