Last updated on 2025-05-25 01:49:41 CEST.
Flavor | Version | Tinstall | Tcheck | Ttotal | Status | Flags |
---|---|---|---|---|---|---|
r-devel-linux-x86_64-debian-clang | 1.0.7 | 10.73 | 107.18 | 117.91 | NOTE | |
r-devel-linux-x86_64-debian-gcc | 1.0.7 | 6.95 | 70.49 | 77.44 | NOTE | |
r-devel-linux-x86_64-fedora-clang | 1.0.7 | 176.23 | NOTE | |||
r-devel-linux-x86_64-fedora-gcc | 1.0.7 | 168.17 | NOTE | |||
r-devel-windows-x86_64 | 1.0.7 | 11.00 | 116.00 | 127.00 | NOTE | |
r-patched-linux-x86_64 | 1.0.7 | 9.48 | 95.61 | 105.09 | NOTE | |
r-release-linux-x86_64 | 1.0.7 | 9.25 | 95.66 | 104.91 | NOTE | |
r-release-macos-arm64 | 1.0.7 | 45.00 | NOTE | |||
r-release-macos-x86_64 | 1.0.7 | 83.00 | NOTE | |||
r-release-windows-x86_64 | 1.0.7 | 12.00 | 115.00 | 127.00 | NOTE | |
r-oldrel-macos-arm64 | 1.0.7 | 44.00 | NOTE | |||
r-oldrel-macos-x86_64 | 1.0.7 | 66.00 | NOTE | |||
r-oldrel-windows-x86_64 | 1.0.7 | 16.00 | 137.00 | 153.00 | NOTE |
Version: 1.0.7
Check: Rd files
Result: NOTE
checkRd: (-1) fviz_nbclust.Rd:75: Lost braces; missing escapes or markup?
75 | (2001) proposed: "the smallest k such that gap(k) >= gap(k+1) - s_{k+1}".
| ^
checkRd: (-1) fviz_nbclust.Rd:77: Lost braces; missing escapes or markup?
77 | SE.factor*s_{k+1}" where SE.factor is a numeric value which can be 1
| ^
Flavors: r-devel-linux-x86_64-debian-clang, r-devel-linux-x86_64-debian-gcc, r-devel-linux-x86_64-fedora-clang, r-devel-linux-x86_64-fedora-gcc, r-devel-windows-x86_64, r-patched-linux-x86_64, r-release-linux-x86_64, r-release-macos-arm64, r-release-macos-x86_64, r-release-windows-x86_64, r-oldrel-macos-arm64, r-oldrel-macos-x86_64, r-oldrel-windows-x86_64
These binaries (installable software) and packages are in development.
They may not be fully stable and should be used with caution. We make no claims about them.