Last updated on 2025-05-01 14:49:09 CEST.
Flavor | Version | Tinstall | Tcheck | Ttotal | Status | Flags |
---|---|---|---|---|---|---|
r-devel-linux-x86_64-debian-clang | 1.0.3 | 2.16 | 22.26 | 24.42 | NOTE | |
r-devel-linux-x86_64-debian-gcc | 1.0.3 | 1.56 | 17.84 | 19.40 | NOTE | |
r-devel-linux-x86_64-fedora-clang | 1.0.3 | 37.54 | OK | |||
r-devel-linux-x86_64-fedora-gcc | 1.0.3 | 37.67 | OK | |||
r-devel-windows-x86_64 | 1.0.3 | 3.00 | 46.00 | 49.00 | OK | |
r-patched-linux-x86_64 | 1.0.3 | 2.07 | 21.49 | 23.56 | OK | |
r-release-linux-x86_64 | OK | |||||
r-release-macos-arm64 | 1.0.3 | 20.00 | OK | |||
r-release-macos-x86_64 | 1.0.3 | 27.00 | OK | |||
r-release-windows-x86_64 | 1.0.3 | 3.00 | 51.00 | 54.00 | OK | |
r-oldrel-macos-arm64 | 1.0.3 | 16.00 | OK | |||
r-oldrel-macos-x86_64 | 1.0.3 | 23.00 | OK | |||
r-oldrel-windows-x86_64 | 1.0.3 | 4.00 | 45.00 | 49.00 | OK |
Version: 1.0.3
Check: CRAN incoming feasibility
Result: NOTE
Maintainer: ‘Dibaba Bayisa Gemechu <diboobayu@gmail.com>’
No Authors@R field in DESCRIPTION.
Please add one, modifying
Authors@R: c(person(given = c("Dibaba", "Bayisa"),
family = "Gemechu",
role = c("aut", "cre"),
email = "diboobayu@gmail.com"),
person(given = c("Legesse", "Kassa"),
family = "Debusho",
role = "aut"),
person(given = "Linda",
family = "Haines",
role = "aut"))
as necessary.
Flavors: r-devel-linux-x86_64-debian-clang, r-devel-linux-x86_64-debian-gcc
These binaries (installable software) and packages are in development.
They may not be fully stable and should be used with caution. We make no claims about them.