Last updated on 2025-07-26 01:50:49 CEST.
Flavor | Version | Tinstall | Tcheck | Ttotal | Status | Flags |
---|---|---|---|---|---|---|
r-devel-linux-x86_64-debian-clang | 1.0 | 2.13 | 36.62 | 38.75 | OK | |
r-devel-linux-x86_64-debian-gcc | 1.0 | 1.71 | 28.95 | 30.66 | OK | |
r-devel-linux-x86_64-fedora-clang | 1.0 | 61.91 | NOTE | |||
r-devel-linux-x86_64-fedora-gcc | 1.0 | 74.99 | NOTE | |||
r-devel-windows-x86_64 | 1.0 | 4.00 | 62.00 | 66.00 | OK | |
r-patched-linux-x86_64 | 1.0 | 2.18 | 33.77 | 35.95 | OK | |
r-release-linux-x86_64 | 1.0 | 2.09 | 33.83 | 35.92 | OK | |
r-release-macos-arm64 | 1.0 | 44.00 | OK | |||
r-release-macos-x86_64 | 1.0 | 71.00 | OK | |||
r-release-windows-x86_64 | 1.0 | 4.00 | 62.00 | 66.00 | OK | |
r-oldrel-macos-arm64 | 1.0 | 29.00 | OK | |||
r-oldrel-macos-x86_64 | 1.0 | 58.00 | OK | |||
r-oldrel-windows-x86_64 | 1.0 | 4.00 | 67.00 | 71.00 | OK |
Version: 1.0
Check: dependencies in R code
Result: NOTE
Namespace in Imports field not imported from: ‘dplyr’
All declared Imports should be used.
Flavors: r-devel-linux-x86_64-fedora-clang, r-devel-linux-x86_64-fedora-gcc
These binaries (installable software) and packages are in development.
They may not be fully stable and should be used with caution. We make no claims about them.