CRAN Package Check Results for Package factormodel

Last updated on 2025-11-11 15:50:33 CET.

Flavor Version Tinstall Tcheck Ttotal Status Flags
r-devel-linux-x86_64-debian-clang 1.0 2.09 39.89 41.98 OK
r-devel-linux-x86_64-debian-gcc 1.0 1.54 29.65 31.19 OK
r-devel-linux-x86_64-fedora-clang 1.0 62.63 NOTE
r-devel-linux-x86_64-fedora-gcc 1.0 74.46 NOTE
r-devel-windows-x86_64 1.0 5.00 63.00 68.00 OK
r-patched-linux-x86_64 1.0 2.18 34.62 36.80 OK
r-release-linux-x86_64 1.0 2.09 34.11 36.20 OK
r-release-macos-arm64 1.0 2.00 42.00 44.00 OK
r-release-macos-x86_64 1.0 2.00 69.00 71.00 OK
r-release-windows-x86_64 1.0 5.00 59.00 64.00 OK
r-oldrel-macos-arm64 1.0 1.00 28.00 29.00 OK
r-oldrel-macos-x86_64 1.0 2.00 56.00 58.00 OK
r-oldrel-windows-x86_64 1.0 5.00 67.00 72.00 OK

Check Details

Version: 1.0
Check: dependencies in R code
Result: NOTE Namespace in Imports field not imported from: ‘dplyr’ All declared Imports should be used. Flavors: r-devel-linux-x86_64-fedora-clang, r-devel-linux-x86_64-fedora-gcc

These binaries (installable software) and packages are in development.
They may not be fully stable and should be used with caution. We make no claims about them.