Last updated on 2025-05-21 17:52:10 CEST.
Flavor | Version | Tinstall | Tcheck | Ttotal | Status | Flags |
---|---|---|---|---|---|---|
r-devel-linux-x86_64-debian-clang | 1.1.0 | 80.22 | 80.52 | 160.74 | OK | |
r-devel-linux-x86_64-debian-gcc | 1.1.0 | 56.36 | 56.99 | 113.35 | OK | |
r-devel-linux-x86_64-fedora-clang | 1.1.0 | 291.03 | OK | |||
r-devel-linux-x86_64-fedora-gcc | 1.1.0 | 309.55 | OK | |||
r-devel-windows-x86_64 | 1.1.0 | 90.00 | 189.00 | 279.00 | OK | |
r-patched-linux-x86_64 | 1.1.0 | 81.04 | 77.35 | 158.39 | OK | |
r-release-linux-x86_64 | 1.1.0 | 79.31 | 76.45 | 155.76 | OK | |
r-release-macos-arm64 | 1.1.0 | 90.00 | OK | |||
r-release-macos-x86_64 | 1.1.0 | 120.00 | OK | |||
r-release-windows-x86_64 | 1.1.0 | 90.00 | 147.00 | 237.00 | OK | |
r-oldrel-macos-arm64 | 1.1.0 | 76.00 | NOTE | |||
r-oldrel-macos-x86_64 | 1.1.0 | 92.00 | NOTE | |||
r-oldrel-windows-x86_64 | 1.1.0 | 105.00 | 148.00 | 253.00 | OK |
Version: 1.1.0
Check: installed package size
Result: NOTE
installed size is 7.6Mb
sub-directories of 1Mb or more:
doc 2.5Mb
libs 4.7Mb
Flavors: r-oldrel-macos-arm64, r-oldrel-macos-x86_64
These binaries (installable software) and packages are in development.
They may not be fully stable and should be used with caution. We make no claims about them.