CRAN Package Check Results for Package factory

Last updated on 2025-05-01 12:49:27 CEST.

Flavor Version Tinstall Tcheck Ttotal Status Flags
r-devel-linux-x86_64-debian-clang 0.1.0 2.40 30.43 32.83 OK
r-devel-linux-x86_64-debian-gcc 0.1.0 1.88 25.69 27.57 OK
r-devel-linux-x86_64-fedora-clang 0.1.0 50.16 OK
r-devel-linux-x86_64-fedora-gcc 0.1.0 60.80 OK
r-devel-windows-x86_64 0.1.0 4.00 70.00 74.00 OK
r-patched-linux-x86_64 0.1.0 1.99 28.19 30.18 OK
r-release-linux-x86_64 OK
r-release-macos-arm64 0.1.0 32.00 OK
r-release-macos-x86_64 0.1.0 51.00 OK
r-release-windows-x86_64 0.1.0 4.00 68.00 72.00 OK
r-oldrel-macos-arm64 0.1.0 25.00 NOTE
r-oldrel-macos-x86_64 0.1.0 36.00 NOTE
r-oldrel-windows-x86_64 0.1.0 4.00 55.00 59.00 NOTE

Check Details

Version: 0.1.0
Check: LazyData
Result: NOTE 'LazyData' is specified without a 'data' directory Flavors: r-oldrel-macos-arm64, r-oldrel-macos-x86_64, r-oldrel-windows-x86_64

These binaries (installable software) and packages are in development.
They may not be fully stable and should be used with caution. We make no claims about them.