Last updated on 2025-10-24 05:50:38 CEST.
| Flavor | Version | Tinstall | Tcheck | Ttotal | Status | Flags |
|---|---|---|---|---|---|---|
| r-devel-linux-x86_64-debian-clang | 1.0.6 | 2.64 | 29.24 | 31.88 | OK | |
| r-devel-linux-x86_64-debian-gcc | 1.0.6 | 1.77 | 22.57 | 24.34 | OK | |
| r-devel-linux-x86_64-fedora-clang | 1.0.6 | 50.89 | NOTE | |||
| r-devel-linux-x86_64-fedora-gcc | 1.0.6 | 45.75 | NOTE | |||
| r-devel-windows-x86_64 | 1.0.6 | 3.00 | 47.00 | 50.00 | OK | |
| r-patched-linux-x86_64 | 1.0.6 | 2.27 | 28.46 | 30.73 | OK | |
| r-release-linux-x86_64 | 1.0.6 | 2.46 | 28.14 | 30.60 | OK | |
| r-release-macos-arm64 | 1.0.6 | 2.00 | 17.00 | 19.00 | OK | |
| r-release-macos-x86_64 | 1.0.6 | 2.00 | 28.00 | 30.00 | OK | |
| r-release-windows-x86_64 | 1.0.6 | 4.00 | 47.00 | 51.00 | OK | |
| r-oldrel-macos-arm64 | 1.0.6 | 1.00 | 18.00 | 19.00 | OK | |
| r-oldrel-macos-x86_64 | 1.0.6 | 2.00 | 24.00 | 26.00 | OK | |
| r-oldrel-windows-x86_64 | 1.0.6 | 5.00 | 53.00 | 58.00 | OK |
Version: 1.0.6
Check: dependencies in R code
Result: NOTE
Namespace in Imports field not imported from: ‘R6’
All declared Imports should be used.
Flavors: r-devel-linux-x86_64-fedora-clang, r-devel-linux-x86_64-fedora-gcc
These binaries (installable software) and packages are in development.
They may not be fully stable and should be used with caution. We make no claims about them.