CRAN Package Check Results for Package factset.protobuf.stach.v2

Last updated on 2025-05-01 14:49:09 CEST.

Flavor Version Tinstall Tcheck Ttotal Status Flags
r-devel-linux-x86_64-debian-clang 1.0.6 2.32 28.18 30.50 OK
r-devel-linux-x86_64-debian-gcc 1.0.6 1.75 22.12 23.87 OK
r-devel-linux-x86_64-fedora-clang 1.0.6 47.45 NOTE
r-devel-linux-x86_64-fedora-gcc 1.0.6 45.31 NOTE
r-devel-windows-x86_64 1.0.6 4.00 66.00 70.00 OK
r-patched-linux-x86_64 1.0.6 2.49 26.85 29.34 OK
r-release-linux-x86_64 OK
r-release-macos-arm64 1.0.6 19.00 OK
r-release-macos-x86_64 1.0.6 30.00 OK
r-release-windows-x86_64 1.0.6 4.00 67.00 71.00 OK
r-oldrel-macos-arm64 1.0.6 19.00 OK
r-oldrel-macos-x86_64 1.0.6 26.00 OK
r-oldrel-windows-x86_64 1.0.6 4.00 51.00 55.00 OK

Check Details

Version: 1.0.6
Check: dependencies in R code
Result: NOTE Namespace in Imports field not imported from: ‘R6’ All declared Imports should be used. Flavors: r-devel-linux-x86_64-fedora-clang, r-devel-linux-x86_64-fedora-gcc

These binaries (installable software) and packages are in development.
They may not be fully stable and should be used with caution. We make no claims about them.