Last updated on 2025-11-12 23:50:43 CET.
| Flavor | Version | Tinstall | Tcheck | Ttotal | Status | Flags |
|---|---|---|---|---|---|---|
| r-devel-linux-x86_64-debian-clang | 0.9-3 | 42.96 | 82.52 | 125.48 | OK | |
| r-devel-linux-x86_64-debian-gcc | 0.9-3 | 29.72 | 63.16 | 92.88 | OK | |
| r-devel-linux-x86_64-fedora-clang | 0.9-3 | 86.00 | 120.23 | 206.23 | OK | |
| r-devel-linux-x86_64-fedora-gcc | 0.9-3 | 69.00 | 142.12 | 211.12 | OK | |
| r-devel-windows-x86_64 | 0.9-3 | 48.00 | 126.00 | 174.00 | OK | |
| r-patched-linux-x86_64 | 0.9-3 | 45.88 | 80.63 | 126.51 | OK | |
| r-release-linux-x86_64 | 0.9-3 | 44.35 | 80.59 | 124.94 | OK | |
| r-release-macos-arm64 | 0.9-3 | 17.00 | 79.00 | 96.00 | OK | |
| r-release-macos-x86_64 | 0.9-3 | 25.00 | 147.00 | 172.00 | OK | |
| r-release-windows-x86_64 | 0.9-3 | 49.00 | 121.00 | 170.00 | OK | |
| r-oldrel-macos-arm64 | 0.9-3 | 19.00 | 52.00 | 71.00 | NOTE | |
| r-oldrel-macos-x86_64 | 0.9-3 | 21.00 | 144.00 | 165.00 | NOTE | |
| r-oldrel-windows-x86_64 | 0.9-3 | 60.00 | 146.00 | 206.00 | OK |
Version: 0.9-3
Check: installed package size
Result: NOTE
installed size is 10.3Mb
sub-directories of 1Mb or more:
libs 9.8Mb
Flavors: r-oldrel-macos-arm64, r-oldrel-macos-x86_64
These binaries (installable software) and packages are in development.
They may not be fully stable and should be used with caution. We make no claims about them.