Last updated on 2025-05-01 15:49:30 CEST.
Flavor | Version | Tinstall | Tcheck | Ttotal | Status | Flags |
---|---|---|---|---|---|---|
r-devel-linux-x86_64-debian-clang | 1.2.0 | 6.20 | 113.03 | 119.23 | NOTE | |
r-devel-linux-x86_64-debian-gcc | 1.2.0 | 4.79 | 81.81 | 86.60 | OK | |
r-devel-linux-x86_64-fedora-clang | 1.2.0 | 181.97 | OK | |||
r-devel-linux-x86_64-fedora-gcc | 1.2.0 | 169.55 | OK | |||
r-devel-windows-x86_64 | 1.2.0 | 8.00 | 137.00 | 145.00 | OK | |
r-patched-linux-x86_64 | 1.2.0 | 5.53 | 106.12 | 111.65 | OK | |
r-release-linux-x86_64 | OK | |||||
r-release-macos-arm64 | 1.2.0 | 53.00 | OK | |||
r-release-macos-x86_64 | 1.2.0 | 116.00 | OK | |||
r-release-windows-x86_64 | 1.2.0 | 7.00 | 145.00 | 152.00 | OK | |
r-oldrel-macos-arm64 | 1.2.0 | 56.00 | OK | |||
r-oldrel-macos-x86_64 | 1.2.0 | 160.00 | OK | |||
r-oldrel-windows-x86_64 | 1.2.0 | 9.00 | 149.00 | 158.00 | OK |
Version: 1.2.0
Check: examples
Result: NOTE
Examples with CPU (user + system) or elapsed time > 5s
user system elapsed
summary_faersdata 4.909 0.351 6.459
Flavor: r-devel-linux-x86_64-debian-clang
These binaries (installable software) and packages are in development.
They may not be fully stable and should be used with caution. We make no claims about them.