Last updated on 2025-10-03 05:53:31 CEST.
Flavor | Version | Tinstall | Tcheck | Ttotal | Status | Flags |
---|---|---|---|---|---|---|
r-devel-linux-x86_64-debian-clang | 1.2.2 | 18.81 | 191.65 | 210.46 | WARN | |
r-devel-linux-x86_64-debian-gcc | 1.2.2 | 14.17 | 127.41 | 141.58 | WARN | |
r-devel-linux-x86_64-fedora-clang | 1.2.2 | 329.99 | WARN | |||
r-devel-linux-x86_64-fedora-gcc | 1.2.2 | 318.96 | WARN | |||
r-devel-windows-x86_64 | 1.2.2 | 20.00 | 177.00 | 197.00 | WARN | |
r-patched-linux-x86_64 | 1.2.2 | 16.94 | 176.96 | 193.90 | WARN | |
r-release-linux-x86_64 | 1.2.2 | 16.93 | 180.56 | 197.49 | WARN | |
r-release-macos-arm64 | 1.2.2 | 81.00 | OK | |||
r-release-macos-x86_64 | 1.2.2 | 151.00 | OK | |||
r-release-windows-x86_64 | 1.2.2 | 20.00 | 174.00 | 194.00 | WARN | |
r-oldrel-macos-arm64 | 1.2.2 | 80.00 | OK | |||
r-oldrel-macos-x86_64 | 1.2.2 | 129.00 | OK | |||
r-oldrel-windows-x86_64 | 1.2.2 | 28.00 | 231.00 | 259.00 | WARN |
Version: 1.2.2
Check: whether package can be installed
Result: WARN
Found the following significant warnings:
Warning: replacing previous import ‘e1071::element’ by ‘ggplot2::element’ when loading ‘fairness’
Flavors: r-devel-linux-x86_64-debian-clang, r-devel-linux-x86_64-debian-gcc, r-devel-linux-x86_64-fedora-clang, r-devel-linux-x86_64-fedora-gcc, r-devel-windows-x86_64, r-patched-linux-x86_64, r-release-linux-x86_64, r-release-windows-x86_64, r-oldrel-windows-x86_64
These binaries (installable software) and packages are in development.
They may not be fully stable and should be used with caution. We make no claims about them.