Last updated on 2024-07-27 15:50:17 CEST.
Flavor | Version | Tinstall | Tcheck | Ttotal | Status | Flags |
---|---|---|---|---|---|---|
r-devel-linux-x86_64-debian-clang | 1.0.0 | 7.86 | 121.67 | 129.53 | NOTE | |
r-devel-linux-x86_64-debian-gcc | 1.0.0 | NOTE | ||||
r-devel-linux-x86_64-fedora-clang | 1.0.0 | 175.20 | NOTE | |||
r-devel-linux-x86_64-fedora-gcc | 1.0.0 | 177.93 | NOTE | |||
r-devel-windows-x86_64 | 1.0.0 | 7.00 | 115.00 | 122.00 | NOTE | |
r-patched-linux-x86_64 | 1.0.0 | NOTE | ||||
r-release-linux-x86_64 | 1.0.0 | 4.76 | 117.48 | 122.24 | NOTE | |
r-release-macos-arm64 | 1.0.0 | 51.00 | NOTE | |||
r-release-macos-x86_64 | 1.0.0 | 91.00 | NOTE | |||
r-release-windows-x86_64 | 1.0.0 | 8.00 | 114.00 | 122.00 | NOTE | |
r-oldrel-macos-arm64 | 1.0.0 | 53.00 | OK | |||
r-oldrel-macos-x86_64 | 1.0.0 | 134.00 | OK | |||
r-oldrel-windows-x86_64 | 1.0.0 | 10.00 | 118.00 | 128.00 | OK |
Version: 1.0.0
Check: Rd files
Result: NOTE
checkRd: (-1) fra_sf.Rd:22: Lost braces; missing escapes or markup?
22 | A map of France as {sf} object. Can be used as dataset or for maps
| ^
Flavors: r-devel-linux-x86_64-debian-clang, r-devel-linux-x86_64-debian-gcc, r-devel-linux-x86_64-fedora-clang, r-devel-linux-x86_64-fedora-gcc, r-devel-windows-x86_64, r-patched-linux-x86_64, r-release-linux-x86_64, r-release-macos-arm64, r-release-macos-x86_64, r-release-windows-x86_64
Version: 1.0.0
Check: data for non-ASCII characters
Result: NOTE
Note: found 55 marked UTF-8 strings
Flavors: r-devel-linux-x86_64-fedora-clang, r-devel-linux-x86_64-fedora-gcc
These binaries (installable software) and packages are in development.
They may not be fully stable and should be used with caution. We make no claims about them.