CRAN Package Check Results for Package fakir

Last updated on 2025-10-03 05:53:31 CEST.

Flavor Version Tinstall Tcheck Ttotal Status Flags
r-devel-linux-x86_64-debian-clang 1.0.0 6.75 72.97 79.72 NOTE
r-devel-linux-x86_64-debian-gcc 1.0.0 4.60 53.40 58.00 NOTE
r-devel-linux-x86_64-fedora-clang 1.0.0 122.11 NOTE
r-devel-linux-x86_64-fedora-gcc 1.0.0 127.58 NOTE
r-devel-windows-x86_64 1.0.0 8.00 84.00 92.00 NOTE
r-patched-linux-x86_64 1.0.0 5.95 67.47 73.42 NOTE
r-release-linux-x86_64 1.0.0 5.54 66.23 71.77 NOTE
r-release-macos-arm64 1.0.0 42.00 NOTE
r-release-macos-x86_64 1.0.0 83.00 NOTE
r-release-windows-x86_64 1.0.0 9.00 85.00 94.00 NOTE
r-oldrel-macos-arm64 1.0.0 51.00 NOTE
r-oldrel-macos-x86_64 1.0.0 91.00 NOTE
r-oldrel-windows-x86_64 1.0.0 14.00 135.00 149.00 NOTE

Check Details

Version: 1.0.0
Check: Rd files
Result: NOTE checkRd: (-1) fra_sf.Rd:22: Lost braces; missing escapes or markup? 22 | A map of France as {sf} object. Can be used as dataset or for maps | ^ Flavors: r-devel-linux-x86_64-debian-clang, r-devel-linux-x86_64-debian-gcc, r-devel-linux-x86_64-fedora-clang, r-devel-linux-x86_64-fedora-gcc, r-devel-windows-x86_64, r-patched-linux-x86_64, r-release-linux-x86_64, r-release-macos-arm64, r-release-macos-x86_64, r-release-windows-x86_64, r-oldrel-macos-arm64, r-oldrel-macos-x86_64, r-oldrel-windows-x86_64

These binaries (installable software) and packages are in development.
They may not be fully stable and should be used with caution. We make no claims about them.