CRAN Package Check Results for Package fakmct

Last updated on 2025-11-11 15:50:33 CET.

Flavor Version Tinstall Tcheck Ttotal Status Flags
r-devel-linux-x86_64-debian-clang 0.1.0 2.05 21.96 24.01 NOTE
r-devel-linux-x86_64-debian-gcc 0.1.0 1.50 17.18 18.68 NOTE
r-devel-linux-x86_64-fedora-clang 0.1.0 35.37 OK
r-devel-linux-x86_64-fedora-gcc 0.1.0 33.56 OK
r-devel-windows-x86_64 0.1.0 2.00 41.00 43.00 OK
r-patched-linux-x86_64 0.1.0 2.01 20.37 22.38 OK
r-release-linux-x86_64 0.1.0 1.88 20.59 22.47 OK
r-release-macos-arm64 0.1.0 1.00 15.00 16.00 OK
r-release-macos-x86_64 0.1.0 2.00 22.00 24.00 OK
r-release-windows-x86_64 0.1.0 4.00 40.00 44.00 OK
r-oldrel-macos-arm64 0.1.0 1.00 14.00 15.00 OK
r-oldrel-macos-x86_64 0.1.0 2.00 19.00 21.00 OK
r-oldrel-windows-x86_64 0.1.0 3.00 41.00 44.00 OK

Check Details

Version: 0.1.0
Check: CRAN incoming feasibility
Result: NOTE Maintainer: ‘Alfi Nurrahmah <221810140@stis.ac.id>’ No Authors@R field in DESCRIPTION. Please add one, modifying Authors@R: person(given = "Alfi", family = "Nurrahmah", role = c("aut", "cre"), email = "221810140@stis.ac.id") as necessary. Flavors: r-devel-linux-x86_64-debian-clang, r-devel-linux-x86_64-debian-gcc

These binaries (installable software) and packages are in development.
They may not be fully stable and should be used with caution. We make no claims about them.