Last updated on 2024-07-27 15:50:17 CEST.
Flavor | Version | Tinstall | Tcheck | Ttotal | Status | Flags |
---|---|---|---|---|---|---|
r-devel-linux-x86_64-debian-clang | 1.4.8 | 76.53 | 776.45 | 852.98 | OK | |
r-devel-linux-x86_64-debian-gcc | 1.4.8 | OK | ||||
r-devel-linux-x86_64-fedora-clang | 1.4.8 | 1171.49 | NOTE | |||
r-devel-linux-x86_64-fedora-gcc | 1.4.8 | 1087.62 | OK | |||
r-devel-windows-x86_64 | 1.4.8 | 64.00 | 398.00 | 462.00 | NOTE | |
r-patched-linux-x86_64 | 1.4.8 | OK | ||||
r-release-linux-x86_64 | 1.4.8 | 69.00 | 770.84 | 839.84 | OK | |
r-release-macos-arm64 | 1.4.8 | 265.00 | NOTE | |||
r-release-macos-x86_64 | 1.4.8 | 434.00 | NOTE | |||
r-release-windows-x86_64 | 1.4.8 | 61.00 | 407.00 | 468.00 | NOTE | |
r-oldrel-macos-arm64 | 1.4.8 | 225.00 | NOTE | |||
r-oldrel-macos-x86_64 | 1.4.8 | 485.00 | NOTE | |||
r-oldrel-windows-x86_64 | 1.4.8 | 85.00 | 544.00 | 629.00 | NOTE |
Version: 1.4.8
Check: installed package size
Result: NOTE
installed size is 5.9Mb
sub-directories of 1Mb or more:
R 3.5Mb
help 1.2Mb
Flavors: r-devel-linux-x86_64-fedora-clang, r-devel-windows-x86_64, r-release-macos-arm64, r-release-macos-x86_64, r-release-windows-x86_64, r-oldrel-macos-arm64, r-oldrel-macos-x86_64, r-oldrel-windows-x86_64
These binaries (installable software) and packages are in development.
They may not be fully stable and should be used with caution. We make no claims about them.