Last updated on 2025-02-23 01:51:39 CET.
Flavor | Version | Tinstall | Tcheck | Ttotal | Status | Flags |
---|---|---|---|---|---|---|
r-devel-linux-x86_64-debian-clang | 1.5.0 | 68.89 | 337.22 | 406.11 | OK | |
r-devel-linux-x86_64-debian-gcc | 1.5.0 | 38.03 | 209.54 | 247.57 | OK | |
r-devel-linux-x86_64-fedora-clang | 1.5.0 | 703.91 | OK | |||
r-devel-linux-x86_64-fedora-gcc | 1.5.0 | 660.94 | OK | |||
r-devel-macos-arm64 | 1.5.0 | 143.00 | OK | |||
r-devel-macos-x86_64 | 1.5.0 | 321.00 | OK | |||
r-devel-windows-x86_64 | 1.5.0 | 61.00 | 295.00 | 356.00 | OK | |
r-patched-linux-x86_64 | 1.5.0 | 72.05 | 300.99 | 373.04 | OK | |
r-release-linux-x86_64 | 1.5.0 | 58.11 | 303.93 | 362.04 | OK | |
r-release-macos-arm64 | 1.5.0 | 147.00 | NOTE | |||
r-release-macos-x86_64 | 1.5.0 | 292.00 | NOTE | |||
r-release-windows-x86_64 | 1.5.0 | 62.00 | 290.00 | 352.00 | NOTE | |
r-oldrel-macos-arm64 | 1.5.0 | 147.00 | NOTE | |||
r-oldrel-macos-x86_64 | 1.5.0 | 288.00 | NOTE | |||
r-oldrel-windows-x86_64 | 1.5.0 | 58.00 | 372.00 | 430.00 | NOTE |
Version: 1.5.0
Check: installed package size
Result: NOTE
installed size is 6.3Mb
sub-directories of 1Mb or more:
R 4.0Mb
help 1.2Mb
Flavors: r-release-macos-arm64, r-release-macos-x86_64, r-release-windows-x86_64, r-oldrel-macos-arm64, r-oldrel-macos-x86_64, r-oldrel-windows-x86_64
These binaries (installable software) and packages are in development.
They may not be fully stable and should be used with caution. We make no claims about them.