CRAN Package Check Results for Package familiar

Last updated on 2025-05-08 04:52:04 CEST.

Flavor Version Tinstall Tcheck Ttotal Status Flags
r-devel-linux-x86_64-debian-clang 1.5.0 70.30 338.43 408.73 OK
r-devel-linux-x86_64-debian-gcc 1.5.0 42.40 210.95 253.35 OK
r-devel-linux-x86_64-fedora-clang 1.5.0 669.69 OK
r-devel-linux-x86_64-fedora-gcc 1.5.0 650.71 OK
r-devel-windows-x86_64 1.5.0 63.00 301.00 364.00 OK
r-patched-linux-x86_64 1.5.0 70.23 307.78 378.01 OK
r-release-linux-x86_64 1.5.0 64.13 308.59 372.72 OK
r-release-macos-arm64 1.5.0 155.00 OK
r-release-macos-x86_64 1.5.0 341.00 OK
r-release-windows-x86_64 1.5.0 62.00 301.00 363.00 OK
r-oldrel-macos-arm64 1.5.0 147.00 NOTE
r-oldrel-macos-x86_64 1.5.0 292.00 NOTE
r-oldrel-windows-x86_64 1.5.0 89.00 393.00 482.00 NOTE

Check Details

Version: 1.5.0
Check: installed package size
Result: NOTE installed size is 6.3Mb sub-directories of 1Mb or more: R 4.0Mb help 1.2Mb Flavors: r-oldrel-macos-arm64, r-oldrel-macos-x86_64, r-oldrel-windows-x86_64

These binaries (installable software) and packages are in development.
They may not be fully stable and should be used with caution. We make no claims about them.