Last updated on 2025-02-19 06:50:45 CET.
Flavor | Version | Tinstall | Tcheck | Ttotal | Status | Flags |
---|---|---|---|---|---|---|
r-devel-linux-x86_64-debian-clang | 0.2.17 | 162.06 | 17.71 | 179.77 | OK | |
r-devel-linux-x86_64-debian-gcc | 0.2.17 | 128.84 | 14.50 | 143.34 | OK | |
r-devel-linux-x86_64-fedora-clang | 0.2.17 | 203.96 | OK | |||
r-devel-linux-x86_64-fedora-gcc | 0.2.17 | 294.64 | OK | |||
r-devel-macos-arm64 | 0.2.17 | 61.00 | OK | |||
r-devel-macos-x86_64 | 0.2.17 | 127.00 | OK | |||
r-devel-windows-x86_64 | 0.2.17 | 101.00 | 49.00 | 150.00 | OK | |
r-patched-linux-x86_64 | 0.2.17 | 162.32 | 17.02 | 179.34 | OK | |
r-release-linux-x86_64 | 0.2.17 | 160.71 | 16.84 | 177.55 | OK | |
r-release-macos-arm64 | 0.2.17 | 71.00 | NOTE | |||
r-release-macos-x86_64 | 0.2.17 | 169.00 | NOTE | |||
r-release-windows-x86_64 | 0.2.17 | 151.00 | 50.00 | 201.00 | OK | |
r-oldrel-macos-arm64 | 0.2.17 | 68.00 | NOTE | |||
r-oldrel-macos-x86_64 | 0.2.17 | 148.00 | NOTE | |||
r-oldrel-windows-x86_64 | 0.2.17 | 109.00 | 59.00 | 168.00 | OK |
Version: 0.2.17
Check: installed package size
Result: NOTE
installed size is 11.8Mb
sub-directories of 1Mb or more:
libs 11.7Mb
Flavors: r-release-macos-arm64, r-release-macos-x86_64, r-oldrel-macos-arm64, r-oldrel-macos-x86_64
These binaries (installable software) and packages are in development.
They may not be fully stable and should be used with caution. We make no claims about them.