Last updated on 2024-07-27 15:50:17 CEST.
Flavor | Version | Tinstall | Tcheck | Ttotal | Status | Flags |
---|---|---|---|---|---|---|
r-devel-linux-x86_64-debian-clang | 0.2.13 | 156.26 | 22.01 | 178.27 | OK | |
r-devel-linux-x86_64-debian-gcc | 0.2.13 | OK | ||||
r-devel-linux-x86_64-fedora-clang | 0.2.13 | 281.34 | OK | |||
r-devel-linux-x86_64-fedora-gcc | 0.2.13 | 271.99 | OK | |||
r-devel-windows-x86_64 | 0.2.13 | 89.00 | 52.00 | 141.00 | OK | |
r-patched-linux-x86_64 | 0.2.13 | OK | ||||
r-release-linux-x86_64 | 0.2.13 | 154.16 | 21.29 | 175.45 | OK | |
r-release-macos-arm64 | 0.2.13 | 50.00 | NOTE | |||
r-release-macos-x86_64 | 0.2.13 | 85.00 | NOTE | |||
r-release-windows-x86_64 | 0.2.13 | 90.00 | 61.00 | 151.00 | OK | |
r-oldrel-macos-arm64 | 0.2.13 | 62.00 | NOTE | |||
r-oldrel-macos-x86_64 | 0.2.13 | 138.00 | NOTE | |||
r-oldrel-windows-x86_64 | 0.2.13 | 98.00 | 84.00 | 182.00 | OK |
Version: 0.2.13
Check: installed package size
Result: NOTE
installed size is 8.4Mb
sub-directories of 1Mb or more:
libs 8.3Mb
Flavors: r-release-macos-arm64, r-release-macos-x86_64, r-oldrel-macos-arm64, r-oldrel-macos-x86_64
These binaries (installable software) and packages are in development.
They may not be fully stable and should be used with caution. We make no claims about them.