Last updated on 2025-02-16 10:50:45 CET.
Flavor | Version | Tinstall | Tcheck | Ttotal | Status | Flags |
---|---|---|---|---|---|---|
r-devel-linux-x86_64-debian-clang | 4.0.0 | 3.44 | 28.83 | 32.27 | NOTE | |
r-devel-linux-x86_64-debian-gcc | 4.0.0 | 2.62 | 22.03 | 24.65 | NOTE | |
r-devel-linux-x86_64-fedora-clang | 4.0.0 | 53.17 | OK | |||
r-devel-linux-x86_64-fedora-gcc | 4.0.0 | 48.95 | OK | |||
r-devel-macos-arm64 | 4.0.0 | 21.00 | OK | |||
r-devel-macos-x86_64 | 4.0.0 | 34.00 | OK | |||
r-devel-windows-x86_64 | 4.0.0 | 5.00 | 51.00 | 56.00 | OK | |
r-patched-linux-x86_64 | 4.0.0 | 3.17 | 26.67 | 29.84 | OK | |
r-release-linux-x86_64 | 4.0.0 | 3.01 | 26.93 | 29.94 | OK | |
r-release-macos-arm64 | 4.0.0 | 30.00 | OK | |||
r-release-macos-x86_64 | 4.0.0 | 30.00 | OK | |||
r-release-windows-x86_64 | 4.0.0 | 4.00 | 53.00 | 57.00 | OK | |
r-oldrel-macos-arm64 | 4.0.0 | 20.00 | OK | |||
r-oldrel-macos-x86_64 | 4.0.0 | 29.00 | OK | |||
r-oldrel-windows-x86_64 | 4.0.0 | 4.00 | 60.00 | 64.00 | OK |
Version: 4.0.0
Check: for unstated dependencies in ‘demo’
Result: NOTE
'library' or 'require' calls not declared from:
‘RColorBrewer’ ‘colorspace’ ‘zoo’
Flavors: r-devel-linux-x86_64-debian-clang, r-devel-linux-x86_64-debian-gcc
These binaries (installable software) and packages are in development.
They may not be fully stable and should be used with caution. We make no claims about them.